Last updated on 2024-04-18 12:52:58 CEST.
Flavor | Version | Tinstall | Tcheck | Ttotal | Status | Flags |
---|---|---|---|---|---|---|
r-devel-linux-x86_64-debian-clang | 1.0.2 | 28.96 | 123.92 | 152.88 | OK | |
r-devel-linux-x86_64-debian-gcc | 1.0.2 | 21.29 | 90.19 | 111.48 | OK | |
r-devel-linux-x86_64-fedora-clang | 1.0.2 | 205.16 | NOTE | |||
r-devel-linux-x86_64-fedora-gcc | 1.0.2 | 214.91 | OK | |||
r-prerel-macos-arm64 | 1.0.2 | 96.00 | OK | |||
r-prerel-windows-x86_64 | 1.0.2 | 35.00 | 143.00 | 178.00 | OK | |
r-patched-linux-x86_64 | 1.0.2 | 28.94 | 115.02 | 143.96 | OK | |
r-release-linux-x86_64 | 1.0.2 | 26.06 | 119.70 | 145.76 | OK | |
r-release-macos-arm64 | 1.0.2 | 79.00 | OK | |||
r-release-macos-x86_64 | 1.0.2 | 172.00 | OK | |||
r-release-windows-x86_64 | 1.0.2 | 43.00 | 170.00 | 213.00 | OK | |
r-oldrel-macos-arm64 | 1.0.2 | 87.00 | OK | |||
r-oldrel-windows-x86_64 | 1.0.2 | 31.00 | 165.00 | 196.00 | OK |
Version: 1.0.2
Check: Rd cross-references
Result: NOTE
Undeclared package ‘extraDistr’ in Rd xrefs
Flavor: r-devel-linux-x86_64-fedora-clang