CRAN Package Check Results for Package Rnightly

Last updated on 2022-07-07 12:55:33 CEST.

Flavor Version Tinstall Tcheck Ttotal Status Flags
r-devel-linux-x86_64-debian-clang 0.1.0 2.19 21.15 23.34 NOTE
r-devel-linux-x86_64-debian-gcc 0.1.0 1.58 16.77 18.35 NOTE
r-devel-linux-x86_64-fedora-clang 0.1.0 39.61 NOTE
r-devel-linux-x86_64-fedora-gcc 0.1.0 38.56 NOTE
r-devel-windows-x86_64 0.1.0 9.00 54.00 63.00 NOTE
r-patched-linux-x86_64 0.1.0 1.39 20.89 22.28 NOTE
r-release-linux-x86_64 0.1.0 1.86 20.79 22.65 NOTE
r-release-macos-arm64 0.1.0 15.00 NOTE
r-release-macos-x86_64 0.1.0 21.00 NOTE
r-release-windows-x86_64 0.1.0 12.00 57.00 69.00 NOTE
r-oldrel-macos-arm64 0.1.0 20.00 NOTE
r-oldrel-macos-x86_64 0.1.0 24.00 NOTE
r-oldrel-windows-ix86+x86_64 0.1.0 5.00 47.00 52.00 NOTE

Check Details

Version: 0.1.0
Check: LazyData
Result: NOTE
     'LazyData' is specified without a 'data' directory
Flavors: r-devel-linux-x86_64-debian-clang, r-devel-linux-x86_64-debian-gcc, r-devel-linux-x86_64-fedora-clang, r-devel-linux-x86_64-fedora-gcc, r-devel-windows-x86_64, r-patched-linux-x86_64, r-release-linux-x86_64, r-release-macos-arm64, r-release-macos-x86_64, r-release-windows-x86_64, r-oldrel-macos-arm64, r-oldrel-macos-x86_64, r-oldrel-windows-ix86+x86_64