Last updated on 2025-01-19 11:49:16 CET.
Flavor | Version | Tinstall | Tcheck | Ttotal | Status | Flags |
---|---|---|---|---|---|---|
r-devel-linux-x86_64-debian-clang | 0.2-10 | 116.89 | 24.13 | 141.02 | OK | |
r-devel-linux-x86_64-debian-gcc | 0.2-10 | 80.06 | 19.00 | 99.06 | OK | |
r-devel-linux-x86_64-fedora-clang | 0.2-10 | 356.69 | OK | |||
r-devel-linux-x86_64-fedora-gcc | 0.2-10 | 283.02 | OK | |||
r-devel-windows-x86_64 | 0.2-10 | 140.00 | 83.00 | 223.00 | OK | |
r-patched-linux-x86_64 | 0.2-10 | 112.15 | 23.12 | 135.27 | OK | |
r-release-linux-x86_64 | 0.2-10 | 112.83 | 22.93 | 135.76 | OK | |
r-release-macos-arm64 | 0.2-10 | 57.00 | NOTE | |||
r-release-macos-x86_64 | 0.2-10 | 69.00 | NOTE | |||
r-release-windows-x86_64 | 0.2-10 | 144.00 | 80.00 | 224.00 | OK | |
r-oldrel-macos-arm64 | 0.2-10 | 67.00 | NOTE | |||
r-oldrel-macos-x86_64 | 0.2-10 | 69.00 | NOTE | |||
r-oldrel-windows-x86_64 | 0.2-10 | 157.00 | 87.00 | 244.00 | OK |
Version: 0.2-10
Check: installed package size
Result: NOTE
installed size is 8.5Mb
sub-directories of 1Mb or more:
libs 8.4Mb
Flavors: r-release-macos-arm64, r-release-macos-x86_64, r-oldrel-macos-arm64, r-oldrel-macos-x86_64