Last updated on 2022-07-04 12:54:19 CEST.
Flavor | Version | Tinstall | Tcheck | Ttotal | Status | Flags |
---|---|---|---|---|---|---|
r-devel-linux-x86_64-debian-clang | 0.2-7 | 123.84 | 30.79 | 154.63 | OK | |
r-devel-linux-x86_64-debian-gcc | 0.2-7 | 97.74 | 23.70 | 121.44 | OK | |
r-devel-linux-x86_64-fedora-clang | 0.2-7 | 280.82 | NOTE | |||
r-devel-linux-x86_64-fedora-gcc | 0.2-7 | 204.27 | OK | |||
r-devel-windows-x86_64 | 0.2-7 | 157.00 | 93.00 | 250.00 | OK | |
r-patched-linux-x86_64 | 0.2-7 | 108.00 | 29.37 | 137.37 | OK | |
r-release-linux-x86_64 | 0.2-7 | 101.92 | 29.62 | 131.54 | OK | |
r-release-macos-arm64 | 0.2-7 | 63.00 | NOTE | |||
r-release-macos-x86_64 | 0.2-7 | 80.00 | NOTE | |||
r-release-windows-x86_64 | 0.2-7 | 158.00 | 94.00 | 252.00 | OK | |
r-oldrel-macos-arm64 | 0.2-7 | 70.00 | NOTE | |||
r-oldrel-macos-x86_64 | 0.2-7 | 79.00 | NOTE | |||
r-oldrel-windows-ix86+x86_64 | 0.2-7 | 327.00 | 104.00 | 431.00 | OK |
Version: 0.2-7
Check: installed package size
Result: NOTE
installed size is 6.2Mb
sub-directories of 1Mb or more:
libs 6.1Mb
Flavors: r-devel-linux-x86_64-fedora-clang, r-release-macos-arm64, r-release-macos-x86_64, r-oldrel-macos-arm64, r-oldrel-macos-x86_64