Last updated on 2024-04-22 12:55:52 CEST.
Flavor | Version | Tinstall | Tcheck | Ttotal | Status | Flags |
---|---|---|---|---|---|---|
r-devel-linux-x86_64-debian-clang | 0.2 | 4.80 | 47.79 | 52.59 | NOTE | |
r-devel-linux-x86_64-debian-gcc | 0.2 | 4.24 | 35.73 | 39.97 | NOTE | |
r-devel-linux-x86_64-fedora-clang | 0.2 | 66.68 | NOTE | |||
r-devel-linux-x86_64-fedora-gcc | 0.2 | 64.38 | NOTE | |||
r-prerel-macos-arm64 | 0.2 | 24.00 | NOTE | |||
r-prerel-windows-x86_64 | 0.2 | 6.00 | 61.00 | 67.00 | NOTE | |
r-patched-linux-x86_64 | 0.2 | 5.27 | 45.27 | 50.54 | NOTE | |
r-release-linux-x86_64 | 0.2 | 4.92 | 46.08 | 51.00 | NOTE | |
r-release-macos-arm64 | 0.2 | 26.00 | NOTE | |||
r-release-macos-x86_64 | 0.2 | 36.00 | NOTE | |||
r-release-windows-x86_64 | 0.2 | 8.00 | 65.00 | 73.00 | NOTE | |
r-oldrel-macos-arm64 | 0.2 | 23.00 | NOTE | |||
r-oldrel-windows-x86_64 | 0.2 | 7.00 | 69.00 | 76.00 | NOTE |
Version: 0.2
Check: LazyData
Result: NOTE
'LazyData' is specified without a 'data' directory
Flavors: r-devel-linux-x86_64-debian-clang, r-devel-linux-x86_64-debian-gcc, r-devel-linux-x86_64-fedora-clang, r-devel-linux-x86_64-fedora-gcc, r-prerel-macos-arm64, r-prerel-windows-x86_64, r-patched-linux-x86_64, r-release-linux-x86_64, r-release-macos-arm64, r-release-macos-x86_64, r-release-windows-x86_64, r-oldrel-macos-arm64, r-oldrel-windows-x86_64