Last updated on 2022-06-27 11:50:53 CEST.
Flavor | Version | Tinstall | Tcheck | Ttotal | Status | Flags |
---|---|---|---|---|---|---|
r-devel-linux-x86_64-debian-clang | 0.2.6 | 118.67 | 51.94 | 170.61 | WARN | |
r-devel-linux-x86_64-debian-gcc | 0.2.6 | 111.62 | 39.91 | 151.53 | OK | |
r-devel-linux-x86_64-fedora-clang | 0.2.6 | 283.02 | WARN | |||
r-devel-linux-x86_64-fedora-gcc | 0.2.6 | 256.93 | WARN | |||
r-devel-windows-x86_64 | 0.2.6 | 103.00 | 100.00 | 203.00 | OK | |
r-patched-linux-x86_64 | 0.2.6 | 117.86 | 48.55 | 166.41 | OK | |
r-release-linux-x86_64 | 0.2.6 | 119.95 | 48.83 | 168.78 | OK | |
r-release-macos-arm64 | 0.2.6 | 56.00 | NOTE | |||
r-release-macos-x86_64 | 0.2.6 | 82.00 | NOTE | |||
r-release-windows-x86_64 | 0.2.6 | 109.00 | 99.00 | 208.00 | OK | |
r-oldrel-macos-arm64 | 0.2.6 | 73.00 | NOTE | |||
r-oldrel-macos-x86_64 | 0.2.6 | 119.00 | NOTE | |||
r-oldrel-windows-ix86+x86_64 | 0.2.6 | 319.00 | 107.00 | 426.00 | OK |
Version: 0.2.6
Check: whether package can be installed
Result: WARN
Found the following significant warnings:
RemoteSensing.cpp:79:10: warning: use of bitwise '&' with boolean operands [-Wbitwise-instead-of-logical]
RemoteSensing.cpp:82:15: warning: use of bitwise '&' with boolean operands [-Wbitwise-instead-of-logical]
Flavors: r-devel-linux-x86_64-debian-clang, r-devel-linux-x86_64-fedora-clang
Version: 0.2.6
Check: package dependencies
Result: WARN
Requires orphaned package: ‘gtools’
Flavors: r-devel-linux-x86_64-fedora-clang, r-devel-linux-x86_64-fedora-gcc
Version: 0.2.6
Check: installed package size
Result: NOTE
installed size is 5.8Mb
sub-directories of 1Mb or more:
libs 4.7Mb
Flavors: r-devel-linux-x86_64-fedora-clang, r-release-macos-arm64, r-release-macos-x86_64, r-oldrel-macos-arm64, r-oldrel-macos-x86_64