Last updated on 2024-04-24 11:21:02 CEST.
Flavor | Version | Tinstall | Tcheck | Ttotal | Status | Flags |
---|---|---|---|---|---|---|
r-devel-linux-x86_64-debian-clang | 4.0 | 4.88 | 64.87 | 69.75 | NOTE | |
r-devel-linux-x86_64-debian-gcc | 4.0 | 3.47 | 49.34 | 52.81 | NOTE | |
r-devel-linux-x86_64-fedora-clang | 4.0 | 88.53 | NOTE | |||
r-devel-linux-x86_64-fedora-gcc | 4.0 | 85.93 | NOTE | |||
r-devel-windows-x86_64 | 4.0 | 7.00 | 92.00 | 99.00 | NOTE | |
r-patched-linux-x86_64 | 4.0 | 4.31 | 62.04 | 66.35 | NOTE | |
r-release-linux-x86_64 | 4.0 | 2.78 | 63.95 | 66.73 | NOTE | |
r-release-macos-arm64 | 4.0 | 49.00 | NOTE | |||
r-release-windows-x86_64 | 4.0 | 6.00 | 86.00 | 92.00 | NOTE | |
r-oldrel-macos-arm64 | 4.0 | 55.00 | OK | |||
r-oldrel-macos-x86_64 | 4.0 | 91.00 | NOTE | |||
r-oldrel-windows-x86_64 | 4.0 | 27.00 | 104.00 | 131.00 | OK |
Version: 4.0
Check: Rd files
Result: NOTE
checkRd: (-1) Exponential.Rd:52: Escaped LaTeX specials: \&
checkRd: (-1) Gamma.Rd:80: Escaped LaTeX specials: \&
checkRd: (-1) college.Rd:13: Escaped LaTeX specials: \$
checkRd: (-1) college.Rd:15: Escaped LaTeX specials: \$
Flavors: r-devel-linux-x86_64-debian-clang, r-devel-linux-x86_64-debian-gcc, r-devel-linux-x86_64-fedora-clang, r-devel-linux-x86_64-fedora-gcc, r-devel-windows-x86_64, r-patched-linux-x86_64, r-release-linux-x86_64, r-release-macos-arm64, r-release-windows-x86_64, r-oldrel-macos-x86_64