Last updated on 2025-04-29 12:52:47 CEST.
Flavor | Version | Tinstall | Tcheck | Ttotal | Status | Flags |
---|---|---|---|---|---|---|
r-devel-linux-x86_64-debian-clang | 0.1.1 | 2.98 | 21.85 | 24.83 | NOTE | |
r-devel-linux-x86_64-debian-gcc | 0.1.1 | 2.14 | 16.60 | 18.74 | NOTE | |
r-devel-linux-x86_64-fedora-clang | 0.1.1 | 39.34 | OK | |||
r-devel-linux-x86_64-fedora-gcc | 0.1.1 | 38.47 | OK | |||
r-devel-windows-x86_64 | 0.1.1 | 4.00 | 37.00 | 41.00 | OK | |
r-patched-linux-x86_64 | 0.1.1 | 3.33 | 20.76 | 24.09 | OK | |
r-release-linux-x86_64 | 0.1.1 | 3.13 | 20.72 | 23.85 | OK | |
r-release-macos-arm64 | 0.1.1 | 17.00 | OK | |||
r-release-macos-x86_64 | 0.1.1 | 28.00 | OK | |||
r-release-windows-x86_64 | 0.1.1 | 4.00 | 37.00 | 41.00 | OK | |
r-oldrel-macos-arm64 | 0.1.1 | 14.00 | NOTE | |||
r-oldrel-macos-x86_64 | 0.1.1 | 21.00 | NOTE | |||
r-oldrel-windows-x86_64 | 0.1.1 | 4.00 | 37.00 | 41.00 | NOTE |
Version: 0.1.1
Check: CRAN incoming feasibility
Result: NOTE
Maintainer: ‘Gregory Pasternack <gpast@ucdavis.edu>’
No Authors@R field in DESCRIPTION.
Please add one, modifying
Authors@R: c(person(given = "Gregory",
family = "Pasternack",
role = c("aut", "cre"),
email = "gpast@ucdavis.edu"),
person(given = "Rafaeli",
family = "Arroyo",
role = "aut",
email = "rtoarroyo@gmail.com"))
as necessary.
Flavors: r-devel-linux-x86_64-debian-clang, r-devel-linux-x86_64-debian-gcc
Version: 0.1.1
Check: LazyData
Result: NOTE
'LazyData' is specified without a 'data' directory
Flavors: r-oldrel-macos-arm64, r-oldrel-macos-x86_64, r-oldrel-windows-x86_64