Last updated on 2024-05-01 12:14:36 CEST.
Flavor | Version | Tinstall | Tcheck | Ttotal | Status | Flags |
---|---|---|---|---|---|---|
r-devel-linux-x86_64-debian-clang | 0.1.1 | 3.39 | 27.35 | 30.74 | NOTE | |
r-devel-linux-x86_64-debian-gcc | 0.1.1 | 3.00 | 20.82 | 23.82 | NOTE | |
r-devel-linux-x86_64-fedora-clang | 0.1.1 | 40.19 | NOTE | |||
r-devel-linux-x86_64-fedora-gcc | 0.1.1 | 37.63 | NOTE | |||
r-devel-windows-x86_64 | 0.1.1 | 4.00 | 38.00 | 42.00 | NOTE | |
r-patched-linux-x86_64 | 0.1.1 | 3.26 | 25.98 | 29.24 | NOTE | |
r-release-linux-x86_64 | 0.1.1 | 4.04 | 25.84 | 29.88 | NOTE | |
r-release-macos-arm64 | 0.1.1 | 14.00 | NOTE | |||
r-release-windows-x86_64 | 0.1.1 | 4.00 | 37.00 | 41.00 | NOTE | |
r-oldrel-macos-arm64 | 0.1.1 | 15.00 | NOTE | |||
r-oldrel-macos-x86_64 | 0.1.1 | 20.00 | NOTE | |||
r-oldrel-windows-x86_64 | 0.1.1 | 6.00 | 39.00 | 45.00 | NOTE |
Version: 0.1.1
Check: LazyData
Result: NOTE
'LazyData' is specified without a 'data' directory
Flavors: r-devel-linux-x86_64-debian-clang, r-devel-linux-x86_64-debian-gcc, r-devel-linux-x86_64-fedora-clang, r-devel-linux-x86_64-fedora-gcc, r-devel-windows-x86_64, r-patched-linux-x86_64, r-release-linux-x86_64, r-release-macos-arm64, r-release-windows-x86_64, r-oldrel-macos-arm64, r-oldrel-macos-x86_64, r-oldrel-windows-x86_64