CRAN Package Check Results for Package Rita

Last updated on 2022-07-05 11:50:02 CEST.

Flavor Version Tinstall Tcheck Ttotal Status Flags
r-devel-linux-x86_64-debian-clang 1.2.0 2.46 37.02 39.48 OK
r-devel-linux-x86_64-debian-gcc 1.2.0 2.70 27.52 30.22 OK
r-devel-linux-x86_64-fedora-clang 1.2.0 58.17 NOTE
r-devel-linux-x86_64-fedora-gcc 1.2.0 59.12 NOTE
r-devel-windows-x86_64 1.2.0 15.00 63.00 78.00 OK
r-patched-linux-x86_64 1.2.0 3.57 35.04 38.61 OK
r-release-linux-x86_64 1.2.0 2.39 35.79 38.18 OK
r-release-macos-arm64 1.2.0 16.00 NOTE
r-release-macos-x86_64 1.2.0 26.00 NOTE
r-release-windows-x86_64 1.2.0 11.00 59.00 70.00 OK
r-oldrel-macos-arm64 1.2.0 18.00 NOTE
r-oldrel-macos-x86_64 1.2.0 26.00 NOTE
r-oldrel-windows-ix86+x86_64 1.2.0 7.00 54.00 61.00 OK

Check Details

Version: 1.2.0
Check: dependencies in R code
Result: NOTE
    Namespace in Imports field not imported from: ‘base’
     All declared Imports should be used.
Flavors: r-devel-linux-x86_64-fedora-clang, r-devel-linux-x86_64-fedora-gcc, r-release-macos-arm64, r-release-macos-x86_64, r-oldrel-macos-arm64, r-oldrel-macos-x86_64