Last updated on 2022-07-04 12:54:19 CEST.
Flavor | Version | Tinstall | Tcheck | Ttotal | Status | Flags |
---|---|---|---|---|---|---|
r-devel-linux-x86_64-debian-clang | 0.2.5 | 52.44 | 32.79 | 85.23 | OK | |
r-devel-linux-x86_64-debian-gcc | 0.2.5 | 44.52 | 25.44 | 69.96 | OK | |
r-devel-linux-x86_64-fedora-clang | 0.2.5 | 136.03 | OK | |||
r-devel-linux-x86_64-fedora-gcc | 0.2.5 | 126.10 | OK | |||
r-devel-windows-x86_64 | 0.2.5 | 56.00 | 83.00 | 139.00 | OK | |
r-patched-linux-x86_64 | 0.2.5 | 45.08 | 31.92 | 77.00 | OK | |
r-release-linux-x86_64 | 0.2.5 | 45.16 | 32.79 | 77.95 | OK | |
r-release-macos-arm64 | 0.2.5 | 35.00 | NOTE | |||
r-release-macos-x86_64 | 0.2.5 | 44.00 | NOTE | |||
r-release-windows-x86_64 | 0.2.5 | 52.00 | 83.00 | 135.00 | OK | |
r-oldrel-macos-arm64 | 0.2.5 | 42.00 | NOTE | |||
r-oldrel-macos-x86_64 | 0.2.5 | 48.00 | NOTE | |||
r-oldrel-windows-ix86+x86_64 | 0.2.5 | 127.00 | 80.00 | 207.00 | OK |
Version: 0.2.5
Check: installed package size
Result: NOTE
installed size is 5.5Mb
sub-directories of 1Mb or more:
libs 5.3Mb
Flavors: r-release-macos-arm64, r-release-macos-x86_64, r-oldrel-macos-arm64, r-oldrel-macos-x86_64