Last updated on 2024-04-25 08:00:04 CEST.
Flavor | Version | Tinstall | Tcheck | Ttotal | Status | Flags |
---|---|---|---|---|---|---|
r-devel-linux-x86_64-debian-clang | 0.2.5 | 53.20 | 34.94 | 88.14 | NOTE | |
r-devel-linux-x86_64-debian-gcc | 0.2.5 | 40.57 | 25.99 | 66.56 | NOTE | |
r-devel-linux-x86_64-fedora-clang | 0.2.5 | 118.04 | NOTE | |||
r-devel-linux-x86_64-fedora-gcc | 0.2.5 | 128.96 | NOTE | |||
r-devel-windows-x86_64 | 0.2.5 | 44.00 | 70.00 | 114.00 | NOTE | |
r-patched-linux-x86_64 | 0.2.5 | 60.54 | 33.47 | 94.01 | NOTE | |
r-release-linux-x86_64 | 0.2.5 | 56.78 | 33.30 | 90.08 | NOTE | |
r-release-macos-arm64 | 0.2.5 | 33.00 | NOTE | |||
r-release-windows-x86_64 | 0.2.5 | 43.00 | 69.00 | 112.00 | NOTE | |
r-oldrel-macos-arm64 | 0.2.5 | 36.00 | NOTE | |||
r-oldrel-macos-x86_64 | 0.2.5 | 59.00 | NOTE | |||
r-oldrel-windows-x86_64 | 0.2.5 | 54.00 | 77.00 | 131.00 | NOTE |
Version: 0.2.5
Check: C++ specification
Result: NOTE
Specified C++11: please drop specification unless essential
Flavors: r-devel-linux-x86_64-debian-clang, r-devel-linux-x86_64-debian-gcc, r-devel-linux-x86_64-fedora-clang, r-devel-linux-x86_64-fedora-gcc, r-devel-windows-x86_64, r-patched-linux-x86_64, r-release-linux-x86_64, r-release-macos-arm64, r-release-windows-x86_64, r-oldrel-macos-arm64, r-oldrel-macos-x86_64, r-oldrel-windows-x86_64
Version: 0.2.5
Check: installed package size
Result: NOTE
installed size is 5.5Mb
sub-directories of 1Mb or more:
libs 5.3Mb
Flavors: r-release-macos-arm64, r-oldrel-macos-arm64, r-oldrel-macos-x86_64