CRAN Package Check Results for Package Rgff

Last updated on 2023-09-22 12:56:37 CEST.

Flavor Version Tinstall Tcheck Ttotal Status Flags
r-devel-linux-x86_64-debian-clang 0.1.6 5.18 80.82 86.00 OK
r-devel-linux-x86_64-debian-gcc 0.1.6 4.41 61.01 65.42 OK
r-devel-linux-x86_64-fedora-clang 0.1.6 106.59 NOTE
r-devel-linux-x86_64-fedora-gcc 0.1.6 123.74 NOTE
r-devel-windows-x86_64 0.1.6 7.00 82.00 89.00 OK
r-patched-linux-x86_64 0.1.6 3.72 78.00 81.72 OK
r-release-linux-x86_64 0.1.6 3.59 77.60 81.19 OK
r-release-macos-arm64 0.1.6 42.00 OK
r-release-macos-x86_64 0.1.6 71.00 OK
r-release-windows-x86_64 0.1.6 8.00 95.00 103.00 OK
r-oldrel-macos-arm64 0.1.6 42.00 NOTE
r-oldrel-macos-x86_64 0.1.6 55.00 NOTE
r-oldrel-windows-x86_64 0.1.6 8.00 93.00 101.00 OK

Check Details

Version: 0.1.6
Check: dependencies in R code
Result: NOTE
    Namespace in Imports field not imported from: ‘tidyr’
     All declared Imports should be used.
Flavors: r-devel-linux-x86_64-fedora-clang, r-devel-linux-x86_64-fedora-gcc, r-oldrel-macos-arm64, r-oldrel-macos-x86_64