CRAN Package Check Results for Package Rga4gh

Last updated on 2022-07-05 11:50:02 CEST.

Flavor Version Tinstall Tcheck Ttotal Status Flags
r-devel-linux-x86_64-debian-clang 0.1.1 2.66 27.31 29.97 NOTE
r-devel-linux-x86_64-debian-gcc 0.1.1 2.16 21.24 23.40 NOTE
r-devel-linux-x86_64-fedora-clang 0.1.1 47.75 NOTE
r-devel-linux-x86_64-fedora-gcc 0.1.1 47.46 NOTE
r-devel-windows-x86_64 0.1.1 21.00 59.00 80.00 NOTE
r-patched-linux-x86_64 0.1.1 2.33 26.76 29.09 NOTE
r-release-linux-x86_64 0.1.1 2.29 26.88 29.17 NOTE
r-release-macos-arm64 0.1.1 20.00 NOTE
r-release-macos-x86_64 0.1.1 23.00 NOTE
r-release-windows-x86_64 0.1.1 24.00 56.00 80.00 NOTE
r-oldrel-macos-arm64 0.1.1 22.00 NOTE
r-oldrel-macos-x86_64 0.1.1 29.00 NOTE
r-oldrel-windows-ix86+x86_64 0.1.1 6.00 52.00 58.00 NOTE

Check Details

Version: 0.1.1
Check: LazyData
Result: NOTE
     'LazyData' is specified without a 'data' directory
Flavors: r-devel-linux-x86_64-debian-clang, r-devel-linux-x86_64-debian-gcc, r-devel-linux-x86_64-fedora-clang, r-devel-linux-x86_64-fedora-gcc, r-devel-windows-x86_64, r-patched-linux-x86_64, r-release-linux-x86_64, r-release-macos-arm64, r-release-macos-x86_64, r-release-windows-x86_64, r-oldrel-macos-arm64, r-oldrel-macos-x86_64, r-oldrel-windows-ix86+x86_64