Last updated on 2022-05-27 12:53:24 CEST.
Flavor | Version | Tinstall | Tcheck | Ttotal | Status | Flags |
---|---|---|---|---|---|---|
r-devel-linux-x86_64-debian-clang | 2.0.1 | 112.94 | 181.28 | 294.22 | OK | |
r-devel-linux-x86_64-debian-gcc | 2.0.1 | 94.76 | 135.48 | 230.24 | OK | |
r-devel-linux-x86_64-fedora-clang | 2.0.1 | 390.39 | NOTE | |||
r-devel-linux-x86_64-fedora-gcc | 2.0.1 | 367.26 | NOTE | |||
r-devel-windows-x86_64 | 2.0.1 | 107.00 | 204.00 | 311.00 | OK | |
r-patched-linux-x86_64 | 2.0.1 | 100.15 | 169.90 | 270.05 | OK | |
r-release-linux-x86_64 | 2.0.1 | 79.36 | 169.44 | 248.80 | OK | |
r-release-macos-arm64 | 2.0.1 | 86.00 | NOTE | |||
r-release-macos-x86_64 | 2.0.1 | 147.00 | NOTE | |||
r-release-windows-x86_64 | 2.0.1 | 110.00 | 205.00 | 315.00 | OK | |
r-oldrel-macos-arm64 | 2.0.1 | 82.00 | NOTE | |||
r-oldrel-macos-x86_64 | 2.0.1 | 115.00 | NOTE | |||
r-oldrel-windows-ix86+x86_64 | 2.0.1 | 288.00 | 266.00 | 554.00 | OK |
Version: 2.0.1
Check: dependencies in R code
Result: NOTE
Namespace in Imports field not imported from: ‘markdown’
All declared Imports should be used.
Flavors: r-devel-linux-x86_64-fedora-clang, r-devel-linux-x86_64-fedora-gcc, r-release-macos-arm64, r-release-macos-x86_64, r-oldrel-macos-arm64, r-oldrel-macos-x86_64
Version: 2.0.1
Check: installed package size
Result: NOTE
installed size is 6.5Mb
sub-directories of 1Mb or more:
libs 6.0Mb
Flavors: r-release-macos-arm64, r-release-macos-x86_64, r-oldrel-macos-arm64, r-oldrel-macos-x86_64