Last updated on 2024-03-28 09:51:54 CET.
Flavor | Version | Tinstall | Tcheck | Ttotal | Status | Flags |
---|---|---|---|---|---|---|
r-devel-linux-x86_64-debian-clang | 3.1.0 | 134.02 | 227.86 | 361.88 | OK | |
r-devel-linux-x86_64-debian-gcc | 3.1.0 | 102.75 | 168.11 | 270.86 | OK | |
r-devel-linux-x86_64-fedora-clang | 3.1.0 | 520.40 | NOTE | |||
r-devel-linux-x86_64-fedora-gcc | 3.1.0 | 486.08 | NOTE | |||
r-devel-windows-x86_64 | 3.1.0 | 106.00 | 193.00 | 299.00 | OK | |
r-patched-linux-x86_64 | 3.1.0 | 136.09 | 219.31 | 355.40 | OK | |
r-release-linux-x86_64 | 3.1.0 | 125.16 | 215.35 | 340.51 | OK | |
r-release-macos-arm64 | 3.1.0 | 105.00 | NOTE | |||
r-release-macos-x86_64 | 3.1.0 | 194.00 | NOTE | |||
r-release-windows-x86_64 | 3.1.0 | 133.00 | 247.00 | 380.00 | OK | |
r-oldrel-macos-arm64 | 3.1.0 | 107.00 | NOTE | |||
r-oldrel-windows-x86_64 | 3.1.0 | 134.00 | 239.00 | 373.00 | WARN |
Version: 3.1.0
Check: data for non-ASCII characters
Result: NOTE
Note: found 1 marked UTF-8 string
Flavors: r-devel-linux-x86_64-fedora-clang, r-devel-linux-x86_64-fedora-gcc
Version: 3.1.0
Check: installed package size
Result: NOTE
installed size is 6.4Mb
sub-directories of 1Mb or more:
libs 5.5Mb
Flavors: r-release-macos-arm64, r-release-macos-x86_64, r-oldrel-macos-arm64
Version: 3.1.0
Check: R files for syntax errors
Result: WARN
Warnings in file 'R/shinyFSSA.R':
unable to translate 'f(<U+03C4>)' to native encoding
unable to translate 'g(<U+03C4>)' to native encoding
unable to translate 'f(<U+03C4>) + g(<U+03C4>)' to native encoding
Warnings in file 'R/shinyMFSSA.R':
unable to translate 'A.1t(<U+03C9>1,<U+2113>) F1 +' to native encoding
unable to translate 'A.2t(<U+03C9>2) F2' to native encoding
Flavor: r-oldrel-windows-x86_64