CRAN Package Check Results for Package Rforestry

Last updated on 2022-06-25 10:53:12 CEST.

Flavor Version Tinstall Tcheck Ttotal Status Flags
r-devel-linux-x86_64-debian-clang 0.9.0.95 151.47 348.92 500.39 OK
r-devel-linux-x86_64-debian-gcc 0.9.0.95 123.25 258.99 382.24 OK
r-devel-linux-x86_64-fedora-clang 0.9.0.95 627.52 NOTE
r-devel-linux-x86_64-fedora-gcc 0.9.0.95 623.92 OK
r-devel-windows-x86_64 0.9.0.95 155.00 249.00 404.00 OK
r-patched-linux-x86_64 0.9.0.95 136.82 335.03 471.85 OK
r-release-linux-x86_64 0.9.0.95 131.63 331.17 462.80 OK
r-release-macos-arm64 0.9.0.95 141.00 NOTE
r-release-macos-x86_64 0.9.0.95 247.00 NOTE
r-release-windows-x86_64 0.9.0.95 154.00 240.00 394.00 OK
r-oldrel-macos-arm64 0.9.0.95 114.00 NOTE
r-oldrel-macos-x86_64 0.9.0.95 177.00 NOTE
r-oldrel-windows-ix86+x86_64 0.9.0.95 343.00 402.00 745.00 OK

Additional issues

clang-UBSAN

Check Details

Version: 0.9.0.95
Check: installed package size
Result: NOTE
     installed size is 6.5Mb
     sub-directories of 1Mb or more:
     libs 6.2Mb
Flavors: r-devel-linux-x86_64-fedora-clang, r-release-macos-arm64, r-release-macos-x86_64, r-oldrel-macos-arm64, r-oldrel-macos-x86_64