Last updated on 2024-03-28 09:51:54 CET.
Flavor | Version | Tinstall | Tcheck | Ttotal | Status | Flags |
---|---|---|---|---|---|---|
r-devel-linux-x86_64-debian-clang | 0.24.6 | 5.54 | 36.05 | 41.59 | NOTE | |
r-devel-linux-x86_64-debian-gcc | 0.24.6 | 3.75 | 28.02 | 31.77 | NOTE | |
r-devel-linux-x86_64-fedora-clang | 0.24.6 | 51.19 | NOTE | |||
r-devel-linux-x86_64-fedora-gcc | 0.24.6 | 49.51 | NOTE | |||
r-devel-windows-x86_64 | 0.24.6 | 7.00 | 56.00 | 63.00 | NOTE | |
r-patched-linux-x86_64 | 0.24.6 | 4.99 | 35.89 | 40.88 | NOTE | |
r-release-linux-x86_64 | 0.24.6 | 4.60 | 34.69 | 39.29 | OK | |
r-release-macos-arm64 | 0.24.6 | 23.00 | OK | |||
r-release-macos-x86_64 | 0.24.6 | 42.00 | OK | |||
r-release-windows-x86_64 | 0.24.6 | 9.00 | 58.00 | 67.00 | OK | |
r-oldrel-macos-arm64 | 0.24.6 | 24.00 | OK | |||
r-oldrel-windows-x86_64 | 0.24.6 | 9.00 | 62.00 | 71.00 | OK |
Version: 0.24.6
Check: Rd files
Result: NOTE
checkRd: (-1) disp.Rd:20: Lost braces; missing escapes or markup?
20 | sum_{i=1}^n a(R(e_i)) * e_i where
| ^
Flavors: r-devel-linux-x86_64-debian-clang, r-devel-linux-x86_64-debian-gcc, r-devel-linux-x86_64-fedora-clang, r-devel-linux-x86_64-fedora-gcc, r-devel-windows-x86_64, r-patched-linux-x86_64