Last updated on 2023-11-28 13:51:06 CET.
Flavor | Version | Tinstall | Tcheck | Ttotal | Status | Flags |
---|---|---|---|---|---|---|
r-devel-linux-x86_64-debian-clang | 2.1.0 | 1445.79 | 131.04 | 1576.83 | OK | |
r-devel-linux-x86_64-debian-gcc | 2.1.0 | 1034.44 | 100.84 | 1135.28 | OK | |
r-devel-linux-x86_64-fedora-clang | 2.1.0 | 2417.66 | NOTE | |||
r-devel-linux-x86_64-fedora-gcc | 2.1.0 | 2538.44 | OK | |||
r-devel-windows-x86_64 | 2.1.0 | 1134.00 | 206.00 | 1340.00 | NOTE | |
r-patched-linux-x86_64 | 2.1.0 | 1267.29 | 130.13 | 1397.42 | OK | |
r-release-linux-x86_64 | 2.1.0 | 1242.72 | 125.09 | 1367.81 | OK | |
r-release-macos-arm64 | 2.1.0 | 378.00 | NOTE | |||
r-release-macos-x86_64 | 2.1.0 | 320.00 | NOTE | |||
r-release-windows-x86_64 | 2.1.0 | 1479.00 | 250.00 | 1729.00 | NOTE | |
r-oldrel-macos-arm64 | 2.1.0 | 352.00 | NOTE | |||
r-oldrel-macos-x86_64 | 2.0.8 | 519.00 | NOTE | |||
r-oldrel-windows-x86_64 | 2.1.0 | 1394.00 | 222.00 | 1616.00 | NOTE |
Version: 2.1.0
Check: installed package size
Result: NOTE
installed size is 5.8Mb
sub-directories of 1Mb or more:
libs 4.4Mb
Flavors: r-devel-linux-x86_64-fedora-clang, r-devel-windows-x86_64, r-release-macos-arm64, r-release-macos-x86_64, r-release-windows-x86_64, r-oldrel-macos-arm64, r-oldrel-windows-x86_64
Version: 2.0.8
Check: installed package size
Result: NOTE
installed size is 37.1Mb
sub-directories of 1Mb or more:
libs 35.8Mb
Flavor: r-oldrel-macos-x86_64