Last updated on 2025-11-02 13:49:50 CET.
| Flavor | Version | Tinstall | Tcheck | Ttotal | Status | Flags |
|---|---|---|---|---|---|---|
| r-devel-linux-x86_64-debian-clang | 1.0.0 | 3.46 | 32.40 | 35.86 | NOTE | |
| r-devel-linux-x86_64-debian-gcc | 1.0.0 | 2.52 | 25.21 | 27.73 | NOTE | |
| r-devel-linux-x86_64-fedora-clang | 1.0.0 | 19.00 | 38.18 | 57.18 | NOTE | |
| r-devel-linux-x86_64-fedora-gcc | 1.0.0 | 23.00 | 33.19 | 56.19 | NOTE | |
| r-devel-windows-x86_64 | 1.0.0 | 6.00 | 51.00 | 57.00 | NOTE | |
| r-patched-linux-x86_64 | 1.0.0 | 3.61 | 30.44 | 34.05 | NOTE | |
| r-release-linux-x86_64 | 1.0.0 | 3.62 | 30.85 | 34.47 | NOTE | |
| r-release-macos-arm64 | 1.0.0 | 2.00 | 21.00 | 23.00 | NOTE | |
| r-release-macos-x86_64 | 1.0.0 | 4.00 | 37.00 | 41.00 | NOTE | |
| r-release-windows-x86_64 | 1.0.0 | 6.00 | 50.00 | 56.00 | NOTE | |
| r-oldrel-macos-arm64 | 1.0.0 | 2.00 | 15.00 | 17.00 | NOTE | |
| r-oldrel-macos-x86_64 | 1.0.0 | 3.00 | 24.00 | 27.00 | NOTE | |
| r-oldrel-windows-x86_64 | 1.0.0 | 8.00 | 59.00 | 67.00 | NOTE |
Version: 1.0.0
Check: Rd files
Result: NOTE
checkRd: (-1) saveRev.Rd:12: Lost braces; missing escapes or markup?
12 | \item{use_wd}{logical - If TRUE, the history will be prepended by setwd({'users current working directory'}). This function will set the script's working directory to
| ^
Flavors: r-devel-linux-x86_64-debian-clang, r-devel-linux-x86_64-debian-gcc, r-devel-linux-x86_64-fedora-clang, r-devel-linux-x86_64-fedora-gcc, r-devel-windows-x86_64, r-patched-linux-x86_64, r-release-linux-x86_64, r-release-macos-arm64, r-release-macos-x86_64, r-release-windows-x86_64, r-oldrel-macos-arm64, r-oldrel-macos-x86_64, r-oldrel-windows-x86_64