Last updated on 2023-02-02 11:54:13 CET.
Flavor | Version | Tinstall | Tcheck | Ttotal | Status | Flags |
---|---|---|---|---|---|---|
r-devel-linux-x86_64-debian-clang | 2.3.8 | 24.22 | 154.86 | 179.08 | OK | |
r-devel-linux-x86_64-debian-gcc | 2.3.8 | 16.50 | 114.00 | 130.50 | OK | |
r-devel-linux-x86_64-fedora-clang | 2.3.8 | 234.25 | NOTE | |||
r-devel-linux-x86_64-fedora-gcc | 2.3.8 | 233.63 | NOTE | |||
r-devel-windows-x86_64 | 2.3.8 | 83.00 | 203.00 | 286.00 | OK | |
r-patched-linux-x86_64 | 2.3.8 | 19.89 | 145.77 | 165.66 | OK | |
r-release-linux-x86_64 | 2.3.8 | 16.34 | 140.53 | 156.87 | OK | |
r-release-macos-arm64 | 2.3.8 | 65.00 | NOTE | |||
r-release-macos-x86_64 | 2.3.8 | 84.00 | NOTE | |||
r-release-windows-x86_64 | 2.3.8 | 67.00 | 199.00 | 266.00 | OK | |
r-oldrel-macos-arm64 | 2.3.8 | 62.00 | NOTE | |||
r-oldrel-macos-x86_64 | 2.3.8 | 88.00 | NOTE | |||
r-oldrel-windows-ix86+x86_64 | 2.3.8 | 49.00 | 180.00 | 229.00 | OK |
Version: 2.3.8
Check: package dependencies
Result: NOTE
Imports includes 29 non-default packages.
Importing from so many packages makes the package vulnerable to any of
them becoming unavailable. Move as many as possible to Suggests and
use conditionally.
Flavor: r-devel-linux-x86_64-fedora-clang
Version: 2.3.8
Check: data for non-ASCII characters
Result: NOTE
Note: found 26 marked UTF-8 strings
Flavors: r-devel-linux-x86_64-fedora-clang, r-devel-linux-x86_64-fedora-gcc, r-release-macos-arm64, r-release-macos-x86_64, r-oldrel-macos-arm64, r-oldrel-macos-x86_64