Last updated on 2024-04-23 10:54:14 CEST.
Flavor | Version | Tinstall | Tcheck | Ttotal | Status | Flags |
---|---|---|---|---|---|---|
r-devel-linux-x86_64-debian-clang | 2.3.10 | 20.50 | 135.20 | 155.70 | OK | |
r-devel-linux-x86_64-debian-gcc | 2.3.10 | 14.82 | 102.48 | 117.30 | OK | |
r-devel-linux-x86_64-fedora-clang | 2.3.10 | 203.29 | NOTE | |||
r-devel-linux-x86_64-fedora-gcc | 2.3.10 | 238.85 | NOTE | |||
r-prerel-macos-arm64 | 2.3.10 | 68.00 | OK | |||
r-prerel-windows-x86_64 | 2.3.10 | 18.00 | 122.00 | 140.00 | OK | |
r-patched-linux-x86_64 | 2.3.10 | 12.72 | 130.76 | 143.48 | OK | |
r-release-linux-x86_64 | 2.3.10 | 12.41 | 130.67 | 143.08 | OK | |
r-release-macos-arm64 | 2.3.10 | 71.00 | OK | |||
r-release-macos-x86_64 | 2.3.10 | 161.00 | OK | |||
r-release-windows-x86_64 | 2.3.10 | 24.00 | 142.00 | 166.00 | OK | |
r-oldrel-macos-arm64 | 2.3.10 | 67.00 | OK | |||
r-oldrel-windows-x86_64 | 2.3.10 | 24.00 | 149.00 | 173.00 | OK |
Version: 2.3.10
Check: package dependencies
Result: NOTE
Imports includes 28 non-default packages.
Importing from so many packages makes the package vulnerable to any of
them becoming unavailable. Move as many as possible to Suggests and
use conditionally.
Flavor: r-devel-linux-x86_64-fedora-clang
Version: 2.3.10
Check: data for non-ASCII characters
Result: NOTE
Note: found 26 marked UTF-8 strings
Flavors: r-devel-linux-x86_64-fedora-clang, r-devel-linux-x86_64-fedora-gcc