Last updated on 2024-04-18 12:52:57 CEST.
Flavor | Version | Tinstall | Tcheck | Ttotal | Status | Flags |
---|---|---|---|---|---|---|
r-devel-linux-x86_64-debian-clang | 1.2.2 | 65.85 | 73.27 | 139.12 | OK | |
r-devel-linux-x86_64-debian-gcc | 1.2.2 | 58.82 | 56.43 | 115.25 | OK | |
r-devel-linux-x86_64-fedora-clang | 1.2.2 | 217.39 | OK | |||
r-devel-linux-x86_64-fedora-gcc | 1.2.2 | 221.40 | OK | |||
r-prerel-macos-arm64 | 1.2.2 | 75.00 | NOTE | |||
r-prerel-macos-x86_64 | 1.2.2 | 147.00 | NOTE | |||
r-prerel-windows-x86_64 | 1.2.2 | 63.00 | 124.00 | 187.00 | OK | |
r-patched-linux-x86_64 | 1.2.2 | 71.05 | 73.41 | 144.46 | OK | |
r-release-linux-x86_64 | 1.2.1 | 69.17 | 69.21 | 138.38 | NOTE | |
r-release-macos-arm64 | 1.2.2 | 70.00 | NOTE | |||
r-release-macos-x86_64 | 1.2.2 | 135.00 | NOTE | |||
r-release-windows-x86_64 | 1.2.2 | 57.00 | 124.00 | 181.00 | OK | |
r-oldrel-macos-arm64 | 1.2.2 | 73.00 | NOTE | |||
r-oldrel-windows-x86_64 | 1.2.2 | 60.00 | 110.00 | 170.00 | OK |
Version: 1.2.2
Check: installed package size
Result: NOTE
installed size is 6.3Mb
sub-directories of 1Mb or more:
libs 3.4Mb
swagger 1.4Mb
Flavors: r-prerel-macos-arm64, r-prerel-macos-x86_64, r-release-macos-arm64, r-release-macos-x86_64, r-oldrel-macos-arm64
Version: 1.2.1
Check: C++ specification
Result: NOTE
Specified C++11: please drop specification unless essential
Flavor: r-release-linux-x86_64