Last updated on 2022-06-26 11:52:42 CEST.
Flavor | Version | Tinstall | Tcheck | Ttotal | Status | Flags |
---|---|---|---|---|---|---|
r-devel-linux-x86_64-debian-clang | 0.1.2 | 20.69 | 180.15 | 200.84 | NOTE | |
r-devel-linux-x86_64-debian-gcc | 0.1.2 | 15.37 | 132.18 | 147.55 | NOTE | |
r-devel-linux-x86_64-fedora-clang | 0.1.2 | 243.23 | NOTE | |||
r-devel-linux-x86_64-fedora-gcc | 0.1.2 | 240.79 | NOTE | |||
r-devel-windows-x86_64 | 0.1.2 | 29.00 | 243.00 | 272.00 | NOTE | |
r-patched-linux-x86_64 | 0.1.2 | 0.37 | 2.86 | 3.23 | ERROR | |
r-release-linux-x86_64 | 0.1.2 | 0.28 | 2.86 | 3.14 | ERROR | |
r-release-macos-arm64 | 0.1.2 | 91.00 | NOTE | |||
r-release-macos-x86_64 | 0.1.2 | 105.00 | NOTE | |||
r-release-windows-x86_64 | 0.1.2 | 29.00 | 246.00 | 275.00 | NOTE | |
r-oldrel-macos-arm64 | 0.1.2 | 65.00 | NOTE | |||
r-oldrel-macos-x86_64 | 0.1.2 | 141.00 | NOTE | |||
r-oldrel-windows-ix86+x86_64 | 0.1.2 | 45.00 | 208.00 | 253.00 | NOTE |
Version: 0.1.2
Check: LazyData
Result: NOTE
'LazyData' is specified without a 'data' directory
Flavors: r-devel-linux-x86_64-debian-clang, r-devel-linux-x86_64-debian-gcc, r-devel-linux-x86_64-fedora-clang, r-devel-linux-x86_64-fedora-gcc, r-devel-windows-x86_64, r-release-macos-arm64, r-release-macos-x86_64, r-release-windows-x86_64, r-oldrel-macos-arm64, r-oldrel-macos-x86_64, r-oldrel-windows-ix86+x86_64
Version: 0.1.2
Check: package dependencies
Result: ERROR
Package required but not available: ‘blavaan’
See section ‘The DESCRIPTION file’ in the ‘Writing R Extensions’
manual.
Flavors: r-patched-linux-x86_64, r-release-linux-x86_64