Last updated on 2022-06-29 11:52:19 CEST.
Flavor | Version | Tinstall | Tcheck | Ttotal | Status | Flags |
---|---|---|---|---|---|---|
r-devel-linux-x86_64-debian-clang | 0.0.1 | 3.81 | 59.35 | 63.16 | OK | |
r-devel-linux-x86_64-debian-gcc | 0.0.1 | 3.51 | 44.47 | 47.98 | OK | |
r-devel-linux-x86_64-fedora-clang | 0.0.1 | 84.02 | NOTE | |||
r-devel-linux-x86_64-fedora-gcc | 0.0.1 | 82.35 | NOTE | |||
r-devel-windows-x86_64 | 0.0.1 | 14.00 | 81.00 | 95.00 | OK | |
r-patched-linux-x86_64 | 0.0.1 | 4.21 | 56.53 | 60.74 | OK | |
r-release-linux-x86_64 | 0.0.1 | 4.30 | 56.54 | 60.84 | OK | |
r-release-macos-arm64 | 0.0.1 | 26.00 | NOTE | |||
r-release-macos-x86_64 | 0.0.1 | 36.00 | NOTE | |||
r-release-windows-x86_64 | 0.0.1 | 20.00 | 82.00 | 102.00 | OK | |
r-oldrel-macos-arm64 | 0.0.1 | 27.00 | NOTE | |||
r-oldrel-macos-x86_64 | 0.0.1 | 38.00 | NOTE | |||
r-oldrel-windows-ix86+x86_64 | 0.0.1 | 10.00 | 87.00 | 97.00 | OK |
Version: 0.0.1
Check: dependencies in R code
Result: NOTE
Namespace in Imports field not imported from: ‘stringi’
All declared Imports should be used.
Flavors: r-devel-linux-x86_64-fedora-clang, r-devel-linux-x86_64-fedora-gcc, r-release-macos-arm64, r-release-macos-x86_64, r-oldrel-macos-arm64, r-oldrel-macos-x86_64