CRAN Package Check Results for Package RepaymentPlan

Last updated on 2025-02-21 10:51:53 CET.

Flavor Version Tinstall Tcheck Ttotal Status Flags
r-devel-linux-x86_64-debian-clang 0.1.0 1.71 16.47 18.18 OK
r-devel-linux-x86_64-debian-gcc 0.1.0 1.53 13.53 15.06 OK
r-devel-linux-x86_64-fedora-clang 0.1.0 29.68 OK
r-devel-linux-x86_64-fedora-gcc 0.1.0 27.91 OK
r-devel-macos-arm64 0.1.0 13.00 OK
r-devel-macos-x86_64 0.1.0 22.00 OK
r-devel-windows-x86_64 0.1.0 3.00 38.00 41.00 OK
r-patched-linux-x86_64 0.1.0 1.65 15.73 17.38 NOTE
r-release-linux-x86_64 0.1.0 1.66 15.52 17.18 NOTE
r-release-macos-arm64 0.1.0 12.00 NOTE
r-release-macos-x86_64 0.1.0 20.00 NOTE
r-release-windows-x86_64 0.1.0 2.00 36.00 38.00 NOTE
r-oldrel-macos-arm64 0.1.0 13.00 NOTE
r-oldrel-macos-x86_64 0.1.0 18.00 NOTE
r-oldrel-windows-x86_64 0.1.0 4.00 37.00 41.00 NOTE

Check Details

Version: 0.1.0
Check: LazyData
Result: NOTE 'LazyData' is specified without a 'data' directory Flavors: r-patched-linux-x86_64, r-release-linux-x86_64, r-release-macos-arm64, r-release-macos-x86_64, r-release-windows-x86_64, r-oldrel-macos-arm64, r-oldrel-macos-x86_64, r-oldrel-windows-x86_64