Last updated on 2025-02-21 10:51:53 CET.
Flavor | Version | Tinstall | Tcheck | Ttotal | Status | Flags |
---|---|---|---|---|---|---|
r-devel-linux-x86_64-debian-clang | 0.1.0 | 1.71 | 17.29 | 19.00 | OK | |
r-devel-linux-x86_64-debian-gcc | 0.1.0 | 1.45 | 14.01 | 15.46 | OK | |
r-devel-linux-x86_64-fedora-clang | 0.1.0 | 30.90 | NOTE | |||
r-devel-linux-x86_64-fedora-gcc | 0.1.0 | 29.40 | NOTE | |||
r-devel-macos-arm64 | 0.1.0 | 13.00 | OK | |||
r-devel-macos-x86_64 | 0.1.0 | 27.00 | OK | |||
r-devel-windows-x86_64 | 0.1.0 | 3.00 | 38.00 | 41.00 | OK | |
r-patched-linux-x86_64 | 0.1.0 | 1.56 | 16.52 | 18.08 | OK | |
r-release-linux-x86_64 | 0.1.0 | 1.36 | 16.35 | 17.71 | OK | |
r-release-macos-arm64 | 0.1.0 | 12.00 | OK | |||
r-release-macos-x86_64 | 0.1.0 | 18.00 | OK | |||
r-release-windows-x86_64 | 0.1.0 | 4.00 | 39.00 | 43.00 | OK | |
r-oldrel-macos-arm64 | 0.1.0 | 13.00 | OK | |||
r-oldrel-macos-x86_64 | 0.1.0 | 18.00 | OK | |||
r-oldrel-windows-x86_64 | 0.1.0 | 2.00 | 41.00 | 43.00 | OK |
Version: 0.1.0
Check: dependencies in R code
Result: NOTE
Namespace in Imports field not imported from: ‘MASS’
All declared Imports should be used.
Flavors: r-devel-linux-x86_64-fedora-clang, r-devel-linux-x86_64-fedora-gcc