Last updated on 2022-07-01 11:52:09 CEST.
Flavor | Version | Tinstall | Tcheck | Ttotal | Status | Flags |
---|---|---|---|---|---|---|
r-devel-linux-x86_64-debian-clang | 0.3-2 | 39.59 | 200.42 | 240.01 | WARN | |
r-devel-linux-x86_64-debian-gcc | 0.3-2 | 35.49 | 148.62 | 184.11 | OK | |
r-devel-linux-x86_64-fedora-clang | 0.3-2 | 300.69 | WARN | |||
r-devel-linux-x86_64-fedora-gcc | 0.3-2 | 303.43 | OK | |||
r-devel-windows-x86_64 | 0.3-2 | 53.00 | 216.00 | 269.00 | OK | |
r-patched-linux-x86_64 | 0.3-2 | 50.64 | 193.68 | 244.32 | OK | |
r-release-linux-x86_64 | 0.3-2 | 44.94 | 196.18 | 241.12 | OK | |
r-release-macos-arm64 | 0.3-2 | 57.00 | OK | |||
r-release-macos-x86_64 | 0.3-2 | 90.00 | OK | |||
r-release-windows-x86_64 | 0.3-2 | 75.00 | 214.00 | 289.00 | OK | |
r-oldrel-macos-arm64 | 0.3-2 | 76.00 | OK | |||
r-oldrel-macos-x86_64 | 0.3-2 | 156.00 | OK | |||
r-oldrel-windows-ix86+x86_64 | 0.3-2 | 108.00 | 282.00 | 390.00 | OK |
Version: 0.3-2
Check: whether package can be installed
Result: WARN
Found the following significant warnings:
ecocrop.cpp:95:8: warning: use of bitwise '|' with boolean operands [-Wbitwise-instead-of-logical]
Flavors: r-devel-linux-x86_64-debian-clang, r-devel-linux-x86_64-fedora-clang