Last updated on 2024-04-19 11:56:58 CEST.
Flavor | Version | Tinstall | Tcheck | Ttotal | Status | Flags |
---|---|---|---|---|---|---|
r-devel-linux-x86_64-debian-clang | 0.4-1 | 42.02 | 241.57 | 283.59 | NOTE | |
r-devel-linux-x86_64-debian-gcc | 0.4-1 | NOTE | ||||
r-devel-linux-x86_64-fedora-clang | 0.4-1 | 356.52 | NOTE | |||
r-devel-linux-x86_64-fedora-gcc | 0.4-1 | 351.90 | NOTE | |||
r-prerel-macos-arm64 | 0.4-1 | 65.00 | NOTE | |||
r-prerel-windows-x86_64 | 0.4-1 | 42.00 | 158.00 | 200.00 | NOTE | |
r-patched-linux-x86_64 | 0.4-1 | 50.06 | 219.72 | 269.78 | NOTE | |
r-release-linux-x86_64 | 0.4-1 | 50.86 | 221.97 | 272.83 | NOTE | |
r-release-macos-arm64 | 0.4-1 | 72.00 | NOTE | |||
r-release-macos-x86_64 | 0.4-1 | 160.00 | NOTE | |||
r-release-windows-x86_64 | 0.4-1 | 54.00 | 215.00 | 269.00 | NOTE | |
r-oldrel-macos-arm64 | 0.4-1 | 68.00 | OK | |||
r-oldrel-windows-x86_64 | 0.4-1 | 55.00 | 202.00 | 257.00 | OK |
Version: 0.4-1
Check: C++ specification
Result: NOTE
Specified C++11: please drop specification unless essential
Flavors: r-devel-linux-x86_64-debian-clang, r-devel-linux-x86_64-debian-gcc, r-devel-linux-x86_64-fedora-clang, r-devel-linux-x86_64-fedora-gcc, r-prerel-macos-arm64, r-prerel-windows-x86_64, r-patched-linux-x86_64, r-release-linux-x86_64, r-release-macos-arm64, r-release-macos-x86_64, r-release-windows-x86_64