CRAN Package Check Results for Package Rdtq

Last updated on 2022-07-05 11:50:02 CEST.

Flavor Version Tinstall Tcheck Ttotal Status Flags
r-devel-linux-x86_64-debian-clang 0.1 25.11 106.72 131.83 NOTE
r-devel-linux-x86_64-debian-gcc 0.1 19.14 78.73 97.87 NOTE
r-devel-linux-x86_64-fedora-clang 0.1 176.22 NOTE
r-devel-linux-x86_64-fedora-gcc 0.1 161.83 NOTE
r-devel-windows-x86_64 0.1 24.00 153.00 177.00 NOTE
r-patched-linux-x86_64 0.1 22.24 99.04 121.28 NOTE
r-release-linux-x86_64 0.1 20.57 97.54 118.11 NOTE
r-release-macos-arm64 0.1 48.00 NOTE
r-release-macos-x86_64 0.1 63.00 NOTE
r-release-windows-x86_64 0.1 25.00 157.00 182.00 NOTE
r-oldrel-macos-arm64 0.1 55.00 NOTE
r-oldrel-macos-x86_64 0.1 86.00 NOTE
r-oldrel-windows-ix86+x86_64 0.1 57.00 201.00 258.00 NOTE

Additional issues

clang-UBSAN

Check Details

Version: 0.1
Check: LazyData
Result: NOTE
     'LazyData' is specified without a 'data' directory
Flavors: r-devel-linux-x86_64-debian-clang, r-devel-linux-x86_64-debian-gcc, r-devel-linux-x86_64-fedora-clang, r-devel-linux-x86_64-fedora-gcc, r-devel-windows-x86_64, r-patched-linux-x86_64, r-release-linux-x86_64, r-release-macos-arm64, r-release-macos-x86_64, r-release-windows-x86_64, r-oldrel-macos-arm64, r-oldrel-macos-x86_64, r-oldrel-windows-ix86+x86_64

Version: 0.1
Check: for non-standard things in the check directory
Result: NOTE
    Found the following files/directories:
     'example.pdf'
Flavors: r-devel-linux-x86_64-debian-clang, r-devel-linux-x86_64-debian-gcc, r-devel-linux-x86_64-fedora-clang, r-devel-linux-x86_64-fedora-gcc, r-patched-linux-x86_64, r-release-linux-x86_64

Version: 0.1
Check: compiled code
Result: NOTE
    File ‘Rdtq/libs/Rdtq.so’:
     Found no calls to: ‘R_registerRoutines’, ‘R_useDynamicSymbols’
    
    It is good practice to register native routines and to disable symbol
    search.
    
    See ‘Writing portable packages’ in the ‘Writing R Extensions’ manual.
Flavors: r-devel-linux-x86_64-fedora-clang, r-devel-linux-x86_64-fedora-gcc