Last updated on 2023-02-05 11:10:45 CET.
Flavor | Version | Tinstall | Tcheck | Ttotal | Status | Flags |
---|---|---|---|---|---|---|
r-devel-linux-x86_64-debian-clang | 1.1.2 | 292.08 | 267.13 | 559.21 | NOTE | |
r-devel-linux-x86_64-debian-gcc | 1.1.2 | 236.17 | 196.83 | 433.00 | NOTE | |
r-devel-linux-x86_64-fedora-clang | 1.1.2 | 796.77 | NOTE | |||
r-devel-linux-x86_64-fedora-gcc | 1.1.2 | 756.12 | NOTE | |||
r-devel-windows-x86_64 | 1.1.2 | 337.00 | 414.00 | 751.00 | NOTE | |
r-patched-linux-x86_64 | 1.1.2 | 212.32 | 236.62 | 448.94 | OK | |
r-release-linux-x86_64 | 1.1.2 | 201.52 | 243.84 | 445.36 | OK | |
r-release-macos-arm64 | 1.1.2 | 169.00 | NOTE | |||
r-release-macos-x86_64 | 1.1.2 | 218.00 | NOTE | |||
r-release-windows-x86_64 | 1.1.2 | 310.00 | 381.00 | 691.00 | NOTE | |
r-oldrel-macos-arm64 | 1.1.2 | 166.00 | NOTE | |||
r-oldrel-macos-x86_64 | 1.1.2 | 215.00 | NOTE | |||
r-oldrel-windows-ix86+x86_64 | 1.1.2 | 639.00 | 438.00 | 1077.00 | NOTE |
Version: 1.1.2
Check: C++ specification
Result: NOTE
Specified C++11: please update to current default of C++17
Flavors: r-devel-linux-x86_64-debian-clang, r-devel-linux-x86_64-debian-gcc, r-devel-linux-x86_64-fedora-clang, r-devel-linux-x86_64-fedora-gcc, r-devel-windows-x86_64
Version: 1.1.2
Check: installed package size
Result: NOTE
installed size is 5.5Mb
sub-directories of 1Mb or more:
data 1.9Mb
libs 1.8Mb
Flavors: r-devel-linux-x86_64-fedora-clang, r-devel-windows-x86_64, r-release-macos-arm64, r-release-macos-x86_64, r-release-windows-x86_64, r-oldrel-macos-arm64, r-oldrel-macos-x86_64, r-oldrel-windows-ix86+x86_64
Version: 1.1.2
Check: Rd cross-references
Result: NOTE
Undeclared package ‘Rtsne’ in Rd xrefs
Flavor: r-devel-linux-x86_64-fedora-clang