Last updated on 2023-12-06 11:52:36 CET.
Flavor | Version | Tinstall | Tcheck | Ttotal | Status | Flags |
---|---|---|---|---|---|---|
r-devel-linux-x86_64-debian-clang | 0.0.5 | 2.10 | 30.70 | 32.80 | NOTE | |
r-devel-linux-x86_64-debian-gcc | 0.0.5 | 1.91 | 24.00 | 25.91 | NOTE | |
r-devel-linux-x86_64-fedora-clang | 0.0.5 | 41.16 | NOTE | |||
r-devel-linux-x86_64-fedora-gcc | 0.0.5 | 51.92 | NOTE | |||
r-devel-windows-x86_64 | 0.0.5 | 4.00 | 53.00 | 57.00 | NOTE | |
r-patched-linux-x86_64 | 0.0.5 | 2.86 | 28.30 | 31.16 | NOTE | |
r-release-linux-x86_64 | 0.0.5 | 1.83 | 27.99 | 29.82 | NOTE | |
r-release-macos-arm64 | 0.0.5 | 25.00 | NOTE | |||
r-release-macos-x86_64 | 0.0.5 | 34.00 | NOTE | |||
r-release-windows-x86_64 | 0.0.5 | 4.00 | 49.00 | 53.00 | NOTE | |
r-oldrel-macos-arm64 | 0.0.5 | 20.00 | NOTE | |||
r-oldrel-macos-x86_64 | 0.0.5 | 26.00 | NOTE | |||
r-oldrel-windows-x86_64 | 0.0.5 | 4.00 | 51.00 | 55.00 | NOTE |
Version: 0.0.5
Check: Rd metadata
Result: NOTE
Invalid package aliases in Rd file 'Rd2markdown-package.Rd':
‘Rd2markdown-package’
Flavors: r-devel-linux-x86_64-debian-clang, r-devel-linux-x86_64-debian-gcc, r-devel-linux-x86_64-fedora-clang, r-devel-linux-x86_64-fedora-gcc, r-devel-windows-x86_64
Version: 0.0.5
Check: LazyData
Result: NOTE
'LazyData' is specified without a 'data' directory
Flavors: r-devel-linux-x86_64-debian-clang, r-devel-linux-x86_64-debian-gcc, r-devel-linux-x86_64-fedora-clang, r-devel-linux-x86_64-fedora-gcc, r-devel-windows-x86_64, r-patched-linux-x86_64, r-release-linux-x86_64, r-release-macos-arm64, r-release-macos-x86_64, r-release-windows-x86_64, r-oldrel-macos-arm64, r-oldrel-macos-x86_64, r-oldrel-windows-x86_64