Last updated on 2025-04-29 12:52:46 CEST.
Flavor | Version | Tinstall | Tcheck | Ttotal | Status | Flags |
---|---|---|---|---|---|---|
r-devel-linux-x86_64-debian-clang | 2.0 | 2.16 | 23.87 | 26.03 | NOTE | |
r-devel-linux-x86_64-debian-gcc | 2.0 | 1.57 | 18.07 | 19.64 | NOTE | |
r-devel-linux-x86_64-fedora-clang | 2.0 | 40.76 | OK | |||
r-devel-linux-x86_64-fedora-gcc | 2.0 | 38.26 | OK | |||
r-devel-windows-x86_64 | 2.0 | 3.00 | 41.00 | 44.00 | OK | |
r-patched-linux-x86_64 | 2.0 | 2.42 | 22.81 | 25.23 | OK | |
r-release-linux-x86_64 | 2.0 | 2.08 | 23.06 | 25.14 | OK | |
r-release-macos-arm64 | 2.0 | 16.00 | OK | |||
r-release-macos-x86_64 | 2.0 | 33.00 | OK | |||
r-release-windows-x86_64 | 2.0 | 3.00 | 43.00 | 46.00 | OK | |
r-oldrel-macos-arm64 | 2.0 | 16.00 | OK | |||
r-oldrel-macos-x86_64 | 2.0 | 24.00 | OK | |||
r-oldrel-windows-x86_64 | 2.0 | 3.00 | 41.00 | 44.00 | OK |
Version: 2.0
Check: CRAN incoming feasibility
Result: NOTE
Maintainer: ‘J.S. Pierre <jean-sebastien.pierre@univ-rennes1.fr>’
No Authors@R field in DESCRIPTION.
Please add one, modifying
Authors@R: c(person(given = "Jean-Sebastien",
family = "PIERRE",
role = c("aut", "cre")),
person(given = "J.S.",
family = "Pierre",
role = "cre",
email = "jean-sebastien.pierre@univ-rennes1.fr"))
as necessary.
Flavors: r-devel-linux-x86_64-debian-clang, r-devel-linux-x86_64-debian-gcc