Last updated on 2022-06-24 11:52:17 CEST.
Flavor | Version | Tinstall | Tcheck | Ttotal | Status | Flags |
---|---|---|---|---|---|---|
r-devel-linux-x86_64-debian-clang | 0.1.3 | 71.33 | 27.21 | 98.54 | OK | |
r-devel-linux-x86_64-debian-gcc | 0.1.3 | 68.00 | 23.94 | 91.94 | OK | |
r-devel-linux-x86_64-fedora-clang | 0.1.3 | 169.74 | OK | |||
r-devel-linux-x86_64-fedora-gcc | 0.1.3 | 164.06 | OK | |||
r-devel-windows-x86_64 | 0.1.3 | 167.00 | 83.00 | 250.00 | OK | |
r-patched-linux-x86_64 | 0.1.3 | 69.55 | 29.74 | 99.29 | OK | |
r-release-linux-x86_64 | 0.1.3 | 76.25 | 29.94 | 106.19 | OK | |
r-release-macos-arm64 | 0.1.3 | 41.00 | NOTE | |||
r-release-macos-x86_64 | 0.1.3 | 62.00 | NOTE | |||
r-release-windows-x86_64 | 0.1.3 | 142.00 | 81.00 | 223.00 | OK | |
r-oldrel-macos-arm64 | 0.1.3 | 45.00 | NOTE | |||
r-oldrel-macos-x86_64 | 0.1.3 | 74.00 | NOTE | |||
r-oldrel-windows-ix86+x86_64 | 0.1.3 | 217.00 | 99.00 | 316.00 | OK |
Version: 0.1.3
Check: installed package size
Result: NOTE
installed size is 5.3Mb
sub-directories of 1Mb or more:
libs 4.5Mb
Flavors: r-release-macos-arm64, r-release-macos-x86_64, r-oldrel-macos-arm64, r-oldrel-macos-x86_64