Last updated on 2024-03-28 09:51:54 CET.
Flavor | Version | Tinstall | Tcheck | Ttotal | Status | Flags |
---|---|---|---|---|---|---|
r-devel-linux-x86_64-debian-clang | 0.0.16 | 75.56 | 32.37 | 107.93 | OK | |
r-devel-linux-x86_64-debian-gcc | 0.0.16 | 68.06 | 25.49 | 93.55 | OK | |
r-devel-linux-x86_64-fedora-clang | 0.0.16 | 132.35 | OK | |||
r-devel-linux-x86_64-fedora-gcc | 0.0.16 | 179.51 | OK | |||
r-devel-windows-x86_64 | 0.0.16 | 65.00 | 81.00 | 146.00 | OK | |
r-patched-linux-x86_64 | 0.0.16 | 76.43 | 32.32 | 108.75 | OK | |
r-release-linux-x86_64 | 0.0.16 | 85.08 | 30.69 | 115.77 | OK | |
r-release-macos-arm64 | 0.0.16 | 51.00 | NOTE | |||
r-release-macos-x86_64 | 0.0.16 | 90.00 | NOTE | |||
r-release-windows-x86_64 | 0.0.16 | 62.00 | 83.00 | 145.00 | OK | |
r-oldrel-macos-arm64 | 0.0.16 | 45.00 | NOTE | |||
r-oldrel-windows-x86_64 | 0.0.16 | 79.00 | 82.00 | 161.00 | OK |
Version: 0.0.16
Check: installed package size
Result: NOTE
installed size is 6.6Mb
sub-directories of 1Mb or more:
include 1.1Mb
libs 5.2Mb
Flavors: r-release-macos-arm64, r-release-macos-x86_64, r-oldrel-macos-arm64