Last updated on 2024-04-20 11:50:27 CEST.
Flavor | Version | Tinstall | Tcheck | Ttotal | Status | Flags |
---|---|---|---|---|---|---|
r-devel-linux-x86_64-debian-clang | 0.2.7 | 158.06 | 38.27 | 196.33 | NOTE | |
r-devel-linux-x86_64-debian-gcc | 0.2.7 | 129.40 | 27.34 | 156.74 | NOTE | |
r-devel-linux-x86_64-fedora-clang | 0.2.7 | 289.98 | NOTE | |||
r-devel-linux-x86_64-fedora-gcc | 0.2.7 | 317.21 | NOTE | |||
r-prerel-macos-arm64 | 0.2.7 | 53.00 | NOTE | |||
r-prerel-windows-x86_64 | 0.2.7 | 125.00 | 74.00 | 199.00 | NOTE | |
r-patched-linux-x86_64 | 0.2.7 | 171.73 | 34.59 | 206.32 | NOTE | |
r-release-linux-x86_64 | 0.2.7 | 160.02 | 35.93 | 195.95 | OK | |
r-release-macos-arm64 | 0.2.7 | 61.00 | NOTE | |||
r-release-macos-x86_64 | 0.2.7 | 103.00 | NOTE | |||
r-release-windows-x86_64 | 0.2.7 | 143.00 | 83.00 | 226.00 | OK | |
r-oldrel-macos-arm64 | 0.2.7 | 62.00 | NOTE | |||
r-oldrel-windows-x86_64 | 0.2.7 | 144.00 | 83.00 | 227.00 | OK |
Version: 0.2.7
Check: Rd files
Result: NOTE
checkRd: (-1) cSMCexamples.Rd:78-80: Lost braces in \itemize; \value handles \item{}{} directly
checkRd: (-1) cSMCexamples.Rd:81-83: Lost braces in \itemize; \value handles \item{}{} directly
checkRd: (-1) cSMCexamples.Rd:89: Lost braces in \itemize; \value handles \item{}{} directly
checkRd: (-1) cSMCexamples.Rd:90: Lost braces in \itemize; \value handles \item{}{} directly
Flavors: r-devel-linux-x86_64-debian-clang, r-devel-linux-x86_64-debian-gcc, r-devel-linux-x86_64-fedora-clang, r-devel-linux-x86_64-fedora-gcc, r-prerel-macos-arm64, r-prerel-windows-x86_64, r-patched-linux-x86_64
Version: 0.2.7
Check: installed package size
Result: NOTE
installed size is 7.0Mb
sub-directories of 1Mb or more:
libs 6.6Mb
Flavors: r-prerel-macos-arm64, r-release-macos-arm64, r-release-macos-x86_64, r-oldrel-macos-arm64