Last updated on 2023-10-02 11:11:03 CEST.
Flavor | Version | Tinstall | Tcheck | Ttotal | Status | Flags |
---|---|---|---|---|---|---|
r-devel-linux-x86_64-debian-clang | 0.1.1 | 192.57 | 30.25 | 222.82 | NOTE | |
r-devel-linux-x86_64-debian-gcc | 0.1.1 | 134.69 | 23.68 | 158.37 | NOTE | |
r-devel-linux-x86_64-fedora-clang | 0.1.1 | 398.06 | NOTE | |||
r-devel-linux-x86_64-fedora-gcc | 0.1.1 | 329.42 | NOTE | |||
r-devel-windows-x86_64 | 0.1.1 | 147.00 | 85.00 | 232.00 | NOTE | |
r-patched-linux-x86_64 | 0.1.1 | 197.16 | 29.66 | 226.82 | NOTE | |
r-release-linux-x86_64 | 0.1.1 | 195.48 | 30.08 | 225.56 | NOTE | |
r-release-macos-arm64 | 0.1.1 | 74.00 | NOTE | |||
r-release-macos-x86_64 | 0.1.1 | 122.00 | NOTE | |||
r-release-windows-x86_64 | 0.1.1 | 177.00 | 102.00 | 279.00 | NOTE | |
r-oldrel-macos-arm64 | 0.1.1 | 74.00 | NOTE | |||
r-oldrel-macos-x86_64 | 0.1.1 | 102.00 | NOTE | |||
r-oldrel-windows-x86_64 | 0.1.1 | 202.00 | 89.00 | 291.00 | OK |
Version: 0.1.1
Check: C++ specification
Result: NOTE
Specified C++14: please drop specification unless essential
Flavors: r-devel-linux-x86_64-debian-clang, r-devel-linux-x86_64-debian-gcc, r-devel-linux-x86_64-fedora-clang, r-devel-linux-x86_64-fedora-gcc, r-devel-windows-x86_64, r-patched-linux-x86_64, r-release-linux-x86_64, r-release-macos-arm64, r-release-macos-x86_64, r-release-windows-x86_64
Version: 0.1.1
Check: installed package size
Result: NOTE
installed size is 9.2Mb
sub-directories of 1Mb or more:
libs 9.0Mb
Flavors: r-release-macos-arm64, r-release-macos-x86_64, r-oldrel-macos-arm64, r-oldrel-macos-x86_64