Last updated on 2024-03-28 09:51:54 CET.
Flavor | Version | Tinstall | Tcheck | Ttotal | Status | Flags |
---|---|---|---|---|---|---|
r-devel-linux-x86_64-debian-clang | 5.1.7 | 56.35 | 84.11 | 140.46 | NOTE | |
r-devel-linux-x86_64-debian-gcc | 5.1.7 | 37.34 | 60.37 | 97.71 | NOTE | |
r-devel-linux-x86_64-fedora-clang | 5.1.7 | 224.56 | NOTE | |||
r-devel-linux-x86_64-fedora-gcc | 5.1.7 | 190.34 | NOTE | |||
r-devel-windows-x86_64 | 5.1.7 | 145.00 | 103.00 | 248.00 | NOTE | |
r-patched-linux-x86_64 | 5.1.7 | 54.43 | 83.59 | 138.02 | NOTE | |
r-release-linux-x86_64 | 5.1.7 | 52.63 | 83.01 | 135.64 | NOTE | |
r-release-macos-arm64 | 5.1.7 | 56.00 | NOTE | |||
r-release-macos-x86_64 | 5.1.7 | 62.00 | NOTE | |||
r-release-windows-x86_64 | 5.1.7 | 139.00 | 113.00 | 252.00 | NOTE | |
r-oldrel-macos-arm64 | 5.1.7 | 55.00 | NOTE | |||
r-oldrel-windows-x86_64 | 5.1.7 | 131.00 | 105.00 | 236.00 | NOTE |
Version: 5.1.7
Check: for GNU extensions in Makefiles
Result: NOTE
GNU make is a SystemRequirements.
Flavors: r-devel-linux-x86_64-debian-clang, r-devel-linux-x86_64-debian-gcc, r-devel-linux-x86_64-fedora-clang, r-devel-linux-x86_64-fedora-gcc, r-devel-windows-x86_64, r-patched-linux-x86_64, r-release-linux-x86_64, r-release-macos-arm64, r-release-macos-x86_64, r-release-windows-x86_64, r-oldrel-macos-arm64, r-oldrel-windows-x86_64