Last updated on 2022-06-26 11:52:41 CEST.
Flavor | Version | Tinstall | Tcheck | Ttotal | Status | Flags |
---|---|---|---|---|---|---|
r-devel-linux-x86_64-debian-clang | 0.1.0 | 18.20 | 33.15 | 51.35 | NOTE | |
r-devel-linux-x86_64-debian-gcc | 0.1.0 | 16.34 | 24.70 | 41.04 | NOTE | |
r-devel-linux-x86_64-fedora-clang | 0.1.0 | 80.82 | NOTE | |||
r-devel-linux-x86_64-fedora-gcc | 0.1.0 | 74.78 | NOTE | |||
r-devel-windows-x86_64 | 0.1.0 | 36.00 | 71.00 | 107.00 | NOTE | |
r-patched-linux-x86_64 | 0.1.0 | 19.73 | 30.66 | 50.39 | NOTE | |
r-release-linux-x86_64 | 0.1.0 | 14.72 | 31.29 | 46.01 | NOTE | |
r-release-macos-arm64 | 0.1.0 | 22.00 | NOTE | |||
r-release-macos-x86_64 | 0.1.0 | 32.00 | NOTE | |||
r-release-windows-x86_64 | 0.1.0 | 36.00 | 74.00 | 110.00 | NOTE | |
r-oldrel-macos-arm64 | 0.1.0 | 28.00 | NOTE | |||
r-oldrel-macos-x86_64 | 0.1.0 | 39.00 | NOTE | |||
r-oldrel-windows-ix86+x86_64 | 0.1.0 | 55.00 | 77.00 | 132.00 | NOTE |
Version: 0.1.0
Check: LazyData
Result: NOTE
'LazyData' is specified without a 'data' directory
Flavors: r-devel-linux-x86_64-debian-clang, r-devel-linux-x86_64-debian-gcc, r-devel-linux-x86_64-fedora-clang, r-devel-linux-x86_64-fedora-gcc, r-devel-windows-x86_64, r-patched-linux-x86_64, r-release-linux-x86_64, r-release-macos-arm64, r-release-macos-x86_64, r-release-windows-x86_64, r-oldrel-macos-arm64, r-oldrel-macos-x86_64, r-oldrel-windows-ix86+x86_64