Last updated on 2024-03-28 09:51:54 CET.
Flavor | Version | Tinstall | Tcheck | Ttotal | Status | Flags |
---|---|---|---|---|---|---|
r-devel-linux-x86_64-debian-clang | 0.0.3 | 20.90 | 26.68 | 47.58 | OK | |
r-devel-linux-x86_64-debian-gcc | 0.0.3 | 17.42 | 20.72 | 38.14 | OK | |
r-devel-linux-x86_64-fedora-clang | 0.0.3 | 66.81 | NOTE | |||
r-devel-linux-x86_64-fedora-gcc | 0.0.3 | 65.35 | NOTE | |||
r-patched-linux-x86_64 | 0.0.3 | 22.11 | 26.32 | 48.43 | OK | |
r-release-linux-x86_64 | 0.0.3 | 22.75 | 26.08 | 48.83 | OK | |
r-release-macos-arm64 | 0.0.3 | 23.00 | OK | |||
r-release-macos-x86_64 | 0.0.3 | 34.00 | OK | |||
r-oldrel-macos-arm64 | 0.0.3 | 24.00 | OK |
Version: 0.0.3
Check: top-level files
Result: NOTE
‘configure’: /bin/bash is not portable
Flavors: r-devel-linux-x86_64-fedora-clang, r-devel-linux-x86_64-fedora-gcc