Last updated on 2024-03-28 09:51:54 CET.
Flavor | Version | Tinstall | Tcheck | Ttotal | Status | Flags |
---|---|---|---|---|---|---|
r-devel-linux-x86_64-debian-clang | 0.3.4.0.0 | 87.79 | 48.07 | 135.86 | OK | |
r-devel-linux-x86_64-debian-gcc | 0.3.4.0.0 | 70.18 | 41.09 | 111.27 | OK | |
r-devel-linux-x86_64-fedora-clang | 0.3.4.0.0 | 168.12 | NOTE | |||
r-devel-linux-x86_64-fedora-gcc | 0.3.4.0.0 | 203.65 | OK | |||
r-devel-windows-x86_64 | 0.3.4.0.0 | 68.00 | 239.00 | 307.00 | NOTE | |
r-patched-linux-x86_64 | 0.3.4.0.0 | 90.19 | 50.78 | 140.97 | OK | |
r-release-linux-x86_64 | 0.3.4.0.0 | 91.23 | 50.95 | 142.18 | OK | |
r-release-macos-arm64 | 0.3.4.0.0 | 106.00 | NOTE | |||
r-release-macos-x86_64 | 0.3.4.0.0 | 307.00 | NOTE | |||
r-release-windows-x86_64 | 0.3.4.0.0 | 80.00 | 232.00 | 312.00 | NOTE | |
r-oldrel-macos-arm64 | 0.3.4.0.0 | 97.00 | NOTE | |||
r-oldrel-windows-x86_64 | 0.3.4.0.0 | 79.00 | 223.00 | 302.00 | NOTE |
Version: 0.3.4.0.0
Check: installed package size
Result: NOTE
installed size is 10.8Mb
sub-directories of 1Mb or more:
include 9.8Mb
Flavors: r-devel-linux-x86_64-fedora-clang, r-devel-windows-x86_64, r-release-macos-arm64, r-release-macos-x86_64, r-release-windows-x86_64, r-oldrel-macos-arm64, r-oldrel-windows-x86_64