CRAN Package Check Results for Package RcppDist

Last updated on 2022-06-25 10:53:12 CEST.

Flavor Version Tinstall Tcheck Ttotal Status Flags
r-devel-linux-x86_64-debian-clang 0.1.1 55.81 37.71 93.52 NOTE
r-devel-linux-x86_64-debian-gcc 0.1.1 42.66 29.45 72.11 NOTE
r-devel-linux-x86_64-fedora-clang 0.1.1 138.16 NOTE
r-devel-linux-x86_64-fedora-gcc 0.1.1 132.43 NOTE
r-devel-windows-x86_64 0.1.1 64.00 84.00 148.00 NOTE
r-patched-linux-x86_64 0.1.1 48.51 36.87 85.38 NOTE
r-release-linux-x86_64 0.1.1 48.80 36.71 85.51 NOTE
r-release-macos-arm64 0.1.1 39.00 NOTE
r-release-macos-x86_64 0.1.1 54.00 NOTE
r-release-windows-x86_64 0.1.1 57.00 87.00 144.00 NOTE
r-oldrel-macos-arm64 0.1.1 43.00 NOTE
r-oldrel-macos-x86_64 0.1.1 69.00 NOTE
r-oldrel-windows-ix86+x86_64 0.1.1 132.00 104.00 236.00 NOTE

Check Details

Version: 0.1.1
Check: LazyData
Result: NOTE
     'LazyData' is specified without a 'data' directory
Flavors: r-devel-linux-x86_64-debian-clang, r-devel-linux-x86_64-debian-gcc, r-devel-linux-x86_64-fedora-clang, r-devel-linux-x86_64-fedora-gcc, r-devel-windows-x86_64, r-patched-linux-x86_64, r-release-linux-x86_64, r-release-macos-arm64, r-release-macos-x86_64, r-release-windows-x86_64, r-oldrel-macos-arm64, r-oldrel-macos-x86_64, r-oldrel-windows-ix86+x86_64

Version: 0.1.1
Check: installed package size
Result: NOTE
     installed size is 5.2Mb
     sub-directories of 1Mb or more:
     libs 4.7Mb
Flavor: r-oldrel-macos-arm64