Last updated on 2024-04-19 11:56:58 CEST.
Flavor | Version | Tinstall | Tcheck | Ttotal | Status | Flags |
---|---|---|---|---|---|---|
r-devel-linux-x86_64-debian-clang | 0.1.7 | 60.06 | 50.50 | 110.56 | NOTE | |
r-devel-linux-x86_64-debian-gcc | 0.1.7 | NOTE | ||||
r-devel-linux-x86_64-fedora-clang | 0.1.7 | 161.95 | NOTE | |||
r-devel-linux-x86_64-fedora-gcc | 0.1.7 | 171.16 | NOTE | |||
r-prerel-macos-arm64 | 0.1.7 | 49.00 | NOTE | |||
r-prerel-windows-x86_64 | 0.1.7 | 49.00 | 98.00 | 147.00 | NOTE | |
r-patched-linux-x86_64 | 0.1.7 | 63.39 | 49.59 | 112.98 | NOTE | |
r-release-linux-x86_64 | 0.1.7 | 60.50 | 47.15 | 107.65 | NOTE | |
r-release-macos-arm64 | 0.1.7 | 42.00 | NOTE | |||
r-release-macos-x86_64 | 0.1.7 | 81.00 | NOTE | |||
r-release-windows-x86_64 | 0.1.7 | 59.00 | 104.00 | 163.00 | NOTE | |
r-oldrel-macos-arm64 | 0.1.7 | 44.00 | OK | |||
r-oldrel-windows-x86_64 | 0.1.7 | 59.00 | 102.00 | 161.00 | OK |
Version: 0.1.7
Check: C++ specification
Result: NOTE
Specified C++11: please drop specification unless essential
Flavors: r-devel-linux-x86_64-debian-clang, r-devel-linux-x86_64-debian-gcc, r-devel-linux-x86_64-fedora-clang, r-devel-linux-x86_64-fedora-gcc, r-prerel-macos-arm64, r-prerel-windows-x86_64, r-patched-linux-x86_64, r-release-linux-x86_64, r-release-macos-arm64, r-release-macos-x86_64, r-release-windows-x86_64