CRAN Package Check Results for Package RcppClock

Last updated on 2024-02-21 11:01:19 CET.

Flavor Version Tinstall Tcheck Ttotal Status Flags
r-devel-linux-x86_64-debian-clang 1.1 NOTE
r-devel-linux-x86_64-debian-gcc 1.1 16.34 43.08 59.42 NOTE
r-devel-linux-x86_64-fedora-clang 1.1 101.74 NOTE
r-devel-linux-x86_64-fedora-gcc 1.1 101.45 NOTE
r-devel-windows-x86_64 1.1 21.00 95.00 116.00 NOTE
r-patched-linux-x86_64 1.1 21.95 54.41 76.36 NOTE
r-release-linux-x86_64 1.1 20.73 54.73 75.46 NOTE
r-release-macos-arm64 1.1 30.00 NOTE
r-release-macos-x86_64 1.1 46.00 NOTE
r-release-windows-x86_64 1.1 27.00 97.00 124.00 NOTE
r-oldrel-macos-arm64 1.1 36.00 OK
r-oldrel-windows-x86_64 1.1 27.00 94.00 121.00 OK

Check Details

Version: 1.1
Check: C++ specification
Result: NOTE Specified C++11: please drop specification unless essential Flavors: r-devel-linux-x86_64-debian-clang, r-devel-linux-x86_64-debian-gcc, r-devel-linux-x86_64-fedora-clang, r-devel-linux-x86_64-fedora-gcc, r-devel-windows-x86_64, r-patched-linux-x86_64, r-release-linux-x86_64, r-release-macos-arm64, r-release-macos-x86_64, r-release-windows-x86_64