CRAN Package Check Results for Package RcppClassicExamples

Last updated on 2022-06-26 11:52:41 CEST.

Flavor Version Tinstall Tcheck Ttotal Status Flags
r-devel-linux-x86_64-debian-clang 0.1.2 43.96 28.79 72.75 OK
r-devel-linux-x86_64-debian-gcc 0.1.2 37.06 22.29 59.35 OK
r-devel-linux-x86_64-fedora-clang 0.1.2 124.44 NOTE
r-devel-linux-x86_64-fedora-gcc 0.1.2 106.50 OK
r-devel-windows-x86_64 0.1.2 115.00 76.00 191.00 OK
r-patched-linux-x86_64 0.1.2 37.44 27.13 64.57 OK
r-release-linux-x86_64 0.1.2 36.30 27.95 64.25 OK
r-release-macos-arm64 0.1.2 31.00 OK
r-release-macos-x86_64 0.1.2 41.00 OK
r-release-windows-x86_64 0.1.2 68.00 75.00 143.00 OK
r-oldrel-macos-arm64 0.1.2 34.00 OK
r-oldrel-macos-x86_64 0.1.2 55.00 OK
r-oldrel-windows-ix86+x86_64 0.1.2 126.00 86.00 212.00 OK

Check Details

Version: 0.1.2
Check: Rd cross-references
Result: NOTE
    Undeclared package ‘RcppExamples’ in Rd xrefs
Flavor: r-devel-linux-x86_64-fedora-clang