CRAN Package Check Results for Package RcppCWB

Last updated on 2024-03-04 12:52:25 CET.

Flavor Version Tinstall Tcheck Ttotal Status Flags
r-devel-linux-x86_64-debian-clang 0.6.3 75.66 73.83 149.49 NOTE
r-devel-linux-x86_64-debian-gcc 0.6.4 62.35 53.73 116.08 NOTE
r-devel-linux-x86_64-fedora-clang 0.6.4 196.17 NOTE
r-devel-linux-x86_64-fedora-gcc 0.6.4 226.00 NOTE
r-devel-windows-x86_64 0.6.4 138.00 112.00 250.00 NOTE
r-patched-linux-x86_64 0.6.3 78.18 71.60 149.78 NOTE
r-release-linux-x86_64 0.6.4 76.71 70.85 147.56 NOTE
r-release-macos-arm64 0.6.3 74.00 NOTE
r-release-macos-x86_64 0.6.4 117.00 NOTE
r-release-windows-x86_64 0.6.4 149.00 131.00 280.00 NOTE
r-oldrel-macos-arm64 0.6.3 58.00 NOTE
r-oldrel-windows-x86_64 0.6.4 124.00 113.00 237.00 NOTE

Check Details

Version: 0.6.3
Check: for GNU extensions in Makefiles
Result: NOTE GNU make is a SystemRequirements. Flavors: r-devel-linux-x86_64-debian-clang, r-patched-linux-x86_64, r-release-macos-arm64, r-oldrel-macos-arm64

Version: 0.6.4
Check: for GNU extensions in Makefiles
Result: NOTE GNU make is a SystemRequirements. Flavors: r-devel-linux-x86_64-debian-gcc, r-devel-linux-x86_64-fedora-clang, r-devel-linux-x86_64-fedora-gcc, r-devel-windows-x86_64, r-release-linux-x86_64, r-release-macos-x86_64, r-release-windows-x86_64, r-oldrel-windows-x86_64

Version: 0.6.4
Check: installed package size
Result: NOTE installed size is 5.1Mb sub-directories of 1Mb or more: libs 3.8Mb Flavors: r-devel-windows-x86_64, r-release-macos-x86_64, r-release-windows-x86_64, r-oldrel-windows-x86_64

Version: 0.6.3
Check: installed package size
Result: NOTE installed size is 7.3Mb sub-directories of 1Mb or more: libs 5.9Mb Flavors: r-release-macos-arm64, r-oldrel-macos-arm64