Last updated on 2024-04-17 10:41:47 CEST.
Flavor | Version | Tinstall | Tcheck | Ttotal | Status | Flags |
---|---|---|---|---|---|---|
r-devel-linux-x86_64-debian-clang | 0.6.4 | 75.23 | 76.26 | 151.49 | NOTE | |
r-devel-linux-x86_64-debian-gcc | 0.6.4 | 61.34 | 55.46 | 116.80 | NOTE | |
r-devel-linux-x86_64-fedora-clang | 0.6.4 | 198.18 | NOTE | |||
r-devel-linux-x86_64-fedora-gcc | 0.6.4 | 232.80 | NOTE | |||
r-prerel-macos-arm64 | 0.6.4 | 56.00 | NOTE | |||
r-prerel-macos-x86_64 | 0.6.4 | 104.00 | NOTE | |||
r-prerel-windows-x86_64 | 0.6.4 | 137.00 | 128.00 | 265.00 | NOTE | |
r-patched-linux-x86_64 | 0.6.4 | 76.07 | 73.13 | 149.20 | NOTE | |
r-release-linux-x86_64 | 0.6.4 | 76.01 | 72.51 | 148.52 | NOTE | |
r-release-macos-arm64 | 0.6.4 | 60.00 | NOTE | |||
r-release-macos-x86_64 | 0.6.4 | 117.00 | NOTE | |||
r-release-windows-x86_64 | 0.6.4 | 132.00 | 134.00 | 266.00 | NOTE | |
r-oldrel-macos-arm64 | 0.6.4 | 60.00 | NOTE | |||
r-oldrel-windows-x86_64 | 0.6.4 | 154.00 | 117.00 | 271.00 | NOTE |
Version: 0.6.4
Check: for GNU extensions in Makefiles
Result: NOTE
GNU make is a SystemRequirements.
Flavors: r-devel-linux-x86_64-debian-clang, r-devel-linux-x86_64-debian-gcc, r-devel-linux-x86_64-fedora-clang, r-devel-linux-x86_64-fedora-gcc, r-prerel-macos-arm64, r-prerel-macos-x86_64, r-prerel-windows-x86_64, r-patched-linux-x86_64, r-release-linux-x86_64, r-release-macos-arm64, r-release-macos-x86_64, r-release-windows-x86_64, r-oldrel-macos-arm64, r-oldrel-windows-x86_64
Version: 0.6.4
Check: installed package size
Result: NOTE
installed size is 7.3Mb
sub-directories of 1Mb or more:
libs 5.9Mb
Flavors: r-prerel-macos-arm64, r-prerel-macos-x86_64, r-prerel-windows-x86_64, r-release-macos-arm64, r-release-macos-x86_64, r-release-windows-x86_64, r-oldrel-macos-arm64, r-oldrel-windows-x86_64