CRAN Package Check Results for Package RcppCGAL

Last updated on 2022-06-29 11:52:19 CEST.

Flavor Version Tinstall Tcheck Ttotal Status Flags
r-devel-linux-x86_64-debian-clang 5.4.1 8.74 27.26 36.00 OK
r-devel-linux-x86_64-debian-gcc 5.4.1 7.60 21.17 28.77 OK
r-devel-linux-x86_64-fedora-clang 5.4.1 57.23 NOTE
r-devel-linux-x86_64-fedora-gcc 5.4.1 55.34 OK
r-devel-windows-x86_64 5.4.1 15493.00 113.00 15606.00 NOTE
r-patched-linux-x86_64 5.4.1 8.55 26.35 34.90 OK
r-release-linux-x86_64 5.4.1 10.36 26.68 37.04 OK
r-release-macos-arm64 5.4.1 22.00 NOTE
r-release-macos-x86_64 5.4.1 34.00 NOTE
r-release-windows-x86_64 5.4.1 9125.00 98.00 9223.00 NOTE
r-oldrel-macos-arm64 5.4.1 25.00 NOTE
r-oldrel-macos-x86_64 5.4.1 34.00 NOTE
r-oldrel-windows-ix86+x86_64 5.4.1 35.00 49.00 84.00 NOTE

Check Details

Version: 5.4.1
Check: installed package size
Result: NOTE
     installed size is 45.4Mb
     sub-directories of 1Mb or more:
     include 45.2Mb
Flavors: r-devel-linux-x86_64-fedora-clang, r-devel-windows-x86_64, r-release-macos-arm64, r-release-macos-x86_64, r-release-windows-x86_64, r-oldrel-macos-arm64, r-oldrel-macos-x86_64, r-oldrel-windows-ix86+x86_64