Last updated on 2024-04-22 12:55:51 CEST.
Flavor | Version | Tinstall | Tcheck | Ttotal | Status | Flags |
---|---|---|---|---|---|---|
r-devel-linux-x86_64-debian-clang | 5.6.2 | 5.39 | 35.71 | 41.10 | OK | |
r-devel-linux-x86_64-debian-gcc | 5.6.2 | 3.98 | 27.23 | 31.21 | OK | |
r-devel-linux-x86_64-fedora-clang | 5.6.2 | 60.03 | NOTE | |||
r-devel-linux-x86_64-fedora-gcc | 5.6.2 | 69.30 | OK | |||
r-prerel-macos-arm64 | 5.6.2 | 30.00 | NOTE | |||
r-prerel-macos-x86_64 | 5.6.2 | 115.00 | NOTE | |||
r-prerel-windows-x86_64 | 5.6.2 | 36.00 | 83.00 | 119.00 | NOTE | |
r-patched-linux-x86_64 | 5.6.2 | 5.19 | 34.02 | 39.21 | OK | |
r-release-linux-x86_64 | 5.6.2 | 4.70 | 33.10 | 37.80 | OK | |
r-release-macos-arm64 | 5.6.2 | 38.00 | NOTE | |||
r-release-macos-x86_64 | 5.6.2 | 117.00 | NOTE | |||
r-release-windows-x86_64 | 5.6.2 | 46.00 | 50.00 | 96.00 | NOTE | |
r-oldrel-macos-arm64 | 5.6.2 | 34.00 | NOTE | |||
r-oldrel-windows-x86_64 | 5.6.2 | 38.00 | 57.00 | 95.00 | NOTE |
Version: 5.6.2
Check: installed package size
Result: NOTE
installed size is 46.8Mb
sub-directories of 1Mb or more:
include 46.6Mb
Flavors: r-devel-linux-x86_64-fedora-clang, r-prerel-macos-arm64, r-prerel-macos-x86_64, r-prerel-windows-x86_64, r-release-macos-arm64, r-release-macos-x86_64, r-release-windows-x86_64, r-oldrel-macos-arm64, r-oldrel-windows-x86_64