CRAN Package Check Results for Package Rcpp

Last updated on 2022-05-27 12:53:23 CEST.

Flavor Version Tinstall Tcheck Ttotal Status Flags
r-devel-linux-x86_64-debian-clang 1.0.8.3 61.19 88.25 149.44 OK
r-devel-linux-x86_64-debian-gcc 1.0.8.3 36.23 68.15 104.38 OK
r-devel-linux-x86_64-fedora-clang 1.0.8.3 204.89 NOTE
r-devel-linux-x86_64-fedora-gcc 1.0.8.3 187.47 NOTE
r-devel-windows-x86_64 1.0.8.3 776.00 8.00 784.00 ERROR
r-patched-linux-x86_64 1.0.8.3 49.00 84.36 133.36 OK
r-release-linux-x86_64 1.0.8.3 54.53 83.97 138.50 OK
r-release-macos-arm64 1.0.8.3 66.00 NOTE
r-release-macos-x86_64 1.0.8.3 91.00 NOTE
r-release-windows-x86_64 1.0.8.3 844.00 10.00 854.00 ERROR
r-oldrel-macos-arm64 1.0.8.3 100.00 NOTE
r-oldrel-macos-x86_64 1.0.8.3 110.00 NOTE
r-oldrel-windows-ix86+x86_64 1.0.8.3 134.00 149.00 283.00 NOTE

Check Details

Version: 1.0.8.3
Check: installed package size
Result: NOTE
     installed size is 12.8Mb
     sub-directories of 1Mb or more:
     doc 1.2Mb
     include 6.4Mb
     libs 3.1Mb
     tinytest 1.0Mb
Flavors: r-devel-linux-x86_64-fedora-clang, r-release-macos-arm64, r-release-macos-x86_64, r-oldrel-macos-arm64, r-oldrel-macos-x86_64, r-oldrel-windows-ix86+x86_64

Version: 1.0.8.3
Check: foreign function calls
Result: NOTE
    Registration problem:
     symbol ‘symbol’ in the local frame:
     .Call(symbol)
    See chapter ‘System and foreign language interfaces’ in the ‘Writing R
    Extensions’ manual.
Flavors: r-devel-linux-x86_64-fedora-clang, r-devel-linux-x86_64-fedora-gcc

Version: 1.0.8.3
Check: whether package can be installed
Result: ERROR
    Installation failed.
Flavors: r-devel-windows-x86_64, r-release-windows-x86_64