CRAN Package Check Results for Package RcmdrPlugin.temis

Last updated on 2022-07-01 11:52:08 CEST.

Flavor Version Tinstall Tcheck Ttotal Status Flags
r-devel-linux-x86_64-debian-clang 0.7.10 27.44 190.90 218.34 NOTE
r-devel-linux-x86_64-debian-gcc 0.7.10 22.36 139.50 161.86 NOTE
r-devel-linux-x86_64-fedora-clang 0.7.10 273.86 NOTE
r-devel-linux-x86_64-fedora-gcc 0.7.10 275.30 NOTE
r-devel-windows-x86_64 0.7.10 126.00 221.00 347.00 NOTE
r-patched-linux-x86_64 0.7.10 43.10 213.64 256.74 NOTE
r-release-linux-x86_64 0.7.10 33.87 210.57 244.44 NOTE
r-release-macos-arm64 0.7.10 127.00 NOTE
r-release-macos-x86_64 0.7.10 307.00 NOTE
r-release-windows-x86_64 0.7.10 99.00 232.00 331.00 NOTE
r-oldrel-macos-arm64 0.7.10 146.00 NOTE
r-oldrel-macos-x86_64 0.7.10 191.00 NOTE
r-oldrel-windows-ix86+x86_64 0.7.10 53.00 197.00 250.00 NOTE

Check Details

Version: 0.7.10
Check: package dependencies
Result: NOTE
    Package suggested but not available for checking: 'ROpenOffice'
Flavors: r-devel-linux-x86_64-debian-clang, r-devel-linux-x86_64-debian-gcc, r-devel-linux-x86_64-fedora-clang, r-devel-linux-x86_64-fedora-gcc, r-devel-windows-x86_64, r-patched-linux-x86_64, r-release-linux-x86_64, r-release-macos-arm64, r-release-macos-x86_64, r-release-windows-x86_64, r-oldrel-macos-x86_64, r-oldrel-windows-ix86+x86_64

Version: 0.7.10
Check: package dependencies
Result: NOTE
    Packages suggested but not available for checking: 'ROpenOffice', 'RODBC'
Flavor: r-oldrel-macos-arm64