Last updated on 2025-04-16 12:49:40 CEST.
Flavor | Version | Tinstall | Tcheck | Ttotal | Status | Flags |
---|---|---|---|---|---|---|
r-devel-linux-x86_64-debian-clang | 5.1-2 | 19.81 | 153.30 | 173.11 | OK | |
r-devel-linux-x86_64-debian-gcc | 5.1-2 | 14.92 | 114.92 | 129.84 | OK | |
r-devel-linux-x86_64-fedora-clang | 5.1-2 | 290.04 | OK | |||
r-devel-linux-x86_64-fedora-gcc | 5.1-2 | 300.38 | OK | |||
r-devel-windows-x86_64 | 5.1-2 | 21.00 | 147.00 | 168.00 | OK | |
r-patched-linux-x86_64 | 5.1-2 | 18.54 | 148.61 | 167.15 | OK | |
r-release-linux-x86_64 | 5.1-2 | 18.72 | 148.50 | 167.22 | OK | |
r-release-macos-arm64 | 5.1-2 | 111.00 | OK | |||
r-release-macos-x86_64 | 5.1-2 | 172.00 | OK | |||
r-release-windows-x86_64 | 5.1-2 | 23.00 | 227.00 | 250.00 | OK | |
r-oldrel-macos-arm64 | 5.1-2 | 111.00 | NOTE | |||
r-oldrel-macos-x86_64 | 5.1-2 | 138.00 | NOTE | |||
r-oldrel-windows-x86_64 | 5.1-2 | 23.00 | 175.00 | 198.00 | NOTE |
Version: 5.1-2
Check: package dependencies
Result: NOTE
Depends: includes the non-default packages:
'IQCC', 'qcc', 'qicharts2', 'randtests', 'rmarkdown',
'TeachingDemos', 'tseries'
Adding so many packages to the search path is excessive and importing
selectively is preferable.
Flavors: r-oldrel-macos-arm64, r-oldrel-macos-x86_64, r-oldrel-windows-x86_64