CRAN Package Check Results for Package RcmdrPlugin.MA

Last updated on 2022-06-24 11:52:16 CEST.

Flavor Version Tinstall Tcheck Ttotal Status Flags
r-devel-linux-x86_64-debian-clang 0.0-2 20.98 153.82 174.80 NOTE
r-devel-linux-x86_64-debian-gcc 0.0-2 17.99 113.10 131.09 NOTE
r-devel-linux-x86_64-fedora-clang 0.0-2 222.72 NOTE
r-devel-linux-x86_64-fedora-gcc 0.0-2 220.18 NOTE
r-devel-windows-x86_64 0.0-2 56.00 187.00 243.00 NOTE
r-patched-linux-x86_64 0.0-2 28.15 159.96 188.11 OK
r-release-linux-x86_64 0.0-2 25.85 159.33 185.18 OK
r-release-macos-arm64 0.0-2 84.00 OK
r-release-macos-x86_64 0.0-2 193.00 OK
r-release-windows-x86_64 0.0-2 77.00 191.00 268.00 OK
r-oldrel-macos-arm64 0.0-2 86.00 OK
r-oldrel-macos-x86_64 0.0-2 151.00 OK
r-oldrel-windows-ix86+x86_64 0.0-2 47.00 169.00 216.00 OK

Check Details

Version: 0.0-2
Check: Rd files
Result: NOTE
    checkRd: (-1) RcmdrPlugin.MA-package.Rd:21: Escaped LaTeX specials: \&
    checkRd: (-1) RcmdrPlugin.MA-package.Rd:23: Escaped LaTeX specials: \&
Flavors: r-devel-linux-x86_64-debian-clang, r-devel-linux-x86_64-debian-gcc, r-devel-linux-x86_64-fedora-clang, r-devel-linux-x86_64-fedora-gcc, r-devel-windows-x86_64