CRAN Package Check Results for Package RcmdrPlugin.BiclustGUI

Last updated on 2022-08-08 10:56:31 CEST.

Flavor Version Tinstall Tcheck Ttotal Status Flags
r-devel-linux-x86_64-debian-clang 1.1.3.1 56.21 410.29 466.50 NOTE
r-devel-linux-x86_64-debian-gcc 1.1.3.1 43.59 301.36 344.95 NOTE
r-devel-linux-x86_64-fedora-clang 1.1.3.1 593.68 NOTE
r-devel-linux-x86_64-fedora-gcc 1.1.3.1 569.68 NOTE
r-devel-windows-x86_64 1.1.3.1 215.00 440.00 655.00 NOTE
r-patched-linux-x86_64 1.1.3.1 68.25 402.43 470.68 NOTE
r-release-linux-x86_64 1.1.3.1 NOTE
r-release-macos-arm64 1.1.3.1 212.00 NOTE
r-release-macos-x86_64 1.1.3.1 276.00 NOTE
r-release-windows-x86_64 1.1.3.1 234.00 444.00 678.00 NOTE
r-oldrel-macos-arm64 1.1.3.1 150.00 NOTE
r-oldrel-macos-x86_64 1.1.3.1 229.00 NOTE
r-oldrel-windows-ix86+x86_64 1.1.3.1 111.00 410.00 521.00 NOTE

Check Details

Version: 1.1.3.1
Check: package dependencies
Result: NOTE
    Depends: includes the non-default packages:
     'biclust', 'fabia', 'iBBiG', 'superbiclust', 'BcDiag', 'BicARE',
     's4vd', 'BiBitR'
    Adding so many packages to the search path is excessive and importing
    selectively is preferable.
Flavors: r-devel-linux-x86_64-debian-clang, r-devel-linux-x86_64-debian-gcc, r-devel-linux-x86_64-fedora-clang, r-devel-linux-x86_64-fedora-gcc, r-devel-windows-x86_64, r-patched-linux-x86_64, r-release-linux-x86_64, r-release-windows-x86_64, r-oldrel-windows-ix86+x86_64

Version: 1.1.3.1
Check: package dependencies
Result: NOTE
    Package suggested but not available for checking: ‘rqubic’
    
    Depends: includes the non-default packages:
     'biclust', 'fabia', 'iBBiG', 'superbiclust', 'BcDiag', 'BicARE',
     's4vd', 'BiBitR'
    Adding so many packages to the search path is excessive and importing
    selectively is preferable.
Flavors: r-release-macos-arm64, r-release-macos-x86_64, r-oldrel-macos-arm64, r-oldrel-macos-x86_64