Last updated on 2022-07-02 12:53:12 CEST.
Flavor | Version | Tinstall | Tcheck | Ttotal | Status | Flags |
---|---|---|---|---|---|---|
r-devel-linux-x86_64-debian-clang | 2.7-2 | 43.83 | 257.84 | 301.67 | OK | |
r-devel-linux-x86_64-debian-gcc | 2.7-2 | 34.09 | 184.19 | 218.28 | OK | |
r-devel-linux-x86_64-fedora-clang | 2.7-2 | 372.61 | NOTE | |||
r-devel-linux-x86_64-fedora-gcc | 2.7-2 | 371.66 | OK | |||
r-devel-windows-x86_64 | 2.7-2 | 83.00 | 259.00 | 342.00 | NOTE | |
r-patched-linux-x86_64 | 2.7-2 | 49.82 | 264.55 | 314.37 | OK | |
r-release-linux-x86_64 | 2.7-2 | 51.52 | 263.94 | 315.46 | OK | |
r-release-macos-arm64 | 2.7-2 | 147.00 | NOTE | |||
r-release-macos-x86_64 | 2.7-2 | 254.00 | NOTE | |||
r-release-windows-x86_64 | 2.7-2 | 82.00 | 255.00 | 337.00 | NOTE | |
r-oldrel-macos-arm64 | 2.7-2 | 79.00 | NOTE | |||
r-oldrel-macos-x86_64 | 2.7-2 | 207.00 | NOTE | |||
r-oldrel-windows-ix86+x86_64 | 2.7-2 | 73.00 | 272.00 | 345.00 | NOTE |
Version: 2.7-2
Check: installed package size
Result: NOTE
installed size is 7.7Mb
sub-directories of 1Mb or more:
R 1.2Mb
doc 3.4Mb
po 2.4Mb
Flavors: r-devel-linux-x86_64-fedora-clang, r-devel-windows-x86_64, r-release-macos-arm64, r-release-macos-x86_64, r-release-windows-x86_64, r-oldrel-macos-arm64, r-oldrel-macos-x86_64, r-oldrel-windows-ix86+x86_64