Last updated on 2024-04-17 10:41:47 CEST.
Flavor | Version | Tinstall | Tcheck | Ttotal | Status | Flags |
---|---|---|---|---|---|---|
r-devel-linux-x86_64-debian-clang | 1.3.82 | 7.15 | 110.96 | 118.11 | OK | |
r-devel-linux-x86_64-debian-gcc | 1.3.82 | 6.94 | 97.01 | 103.95 | OK | |
r-devel-linux-x86_64-fedora-clang | 1.3.82 | 159.90 | NOTE | |||
r-devel-linux-x86_64-fedora-gcc | 1.3.82 | 149.53 | NOTE | |||
r-prerel-macos-arm64 | 1.3.82 | 41.00 | OK | |||
r-prerel-windows-x86_64 | 1.3.82 | 8.00 | 104.00 | 112.00 | OK | |
r-patched-linux-x86_64 | 1.3.82 | 8.47 | 117.77 | 126.24 | OK | |
r-release-linux-x86_64 | 1.3.82 | 9.25 | 118.76 | 128.01 | OK | |
r-release-macos-arm64 | 1.3.82 | 45.00 | OK | |||
r-release-macos-x86_64 | 1.3.82 | 71.00 | OK | |||
r-release-windows-x86_64 | 1.3.82 | 11.00 | 124.00 | 135.00 | OK | |
r-oldrel-macos-arm64 | 1.3.82 | 40.00 | NOTE | |||
r-oldrel-windows-x86_64 | 1.3.82 | 12.00 | 126.00 | 138.00 | OK |
Version: 1.3.82
Check: data for non-ASCII characters
Result: NOTE
Note: found 26334 marked UTF-8 strings
Flavors: r-devel-linux-x86_64-fedora-clang, r-devel-linux-x86_64-fedora-gcc, r-oldrel-macos-arm64