Last updated on 2024-04-23 10:54:14 CEST.
Flavor | Version | Tinstall | Tcheck | Ttotal | Status | Flags |
---|---|---|---|---|---|---|
r-devel-linux-x86_64-debian-clang | 1.0.0 | 40.25 | 28.51 | 68.76 | OK | |
r-devel-linux-x86_64-debian-gcc | 1.0.0 | 40.89 | 22.29 | 63.18 | OK | |
r-devel-linux-x86_64-fedora-clang | 1.0.0 | 103.88 | OK | |||
r-devel-linux-x86_64-fedora-gcc | 1.0.0 | 116.87 | OK | |||
r-prerel-macos-arm64 | 1.0.0 | 28.00 | NOTE | |||
r-prerel-windows-x86_64 | 1.0.0 | 34.00 | 66.00 | 100.00 | OK | |
r-patched-linux-x86_64 | 1.0.0 | 48.30 | 27.20 | 75.50 | OK | |
r-release-linux-x86_64 | 1.0.0 | 53.15 | 28.25 | 81.40 | OK | |
r-release-macos-arm64 | 1.0.0 | 37.00 | NOTE | |||
r-release-macos-x86_64 | 1.0.0 | 48.00 | NOTE | |||
r-release-windows-x86_64 | 1.0.0 | 45.00 | 77.00 | 122.00 | OK | |
r-oldrel-macos-arm64 | 1.0.0 | 33.00 | NOTE | |||
r-oldrel-windows-x86_64 | 1.0.0 | 43.00 | 70.00 | 113.00 | OK |
Version: 1.0.0
Check: installed package size
Result: NOTE
installed size is 14.7Mb
sub-directories of 1Mb or more:
libs 14.6Mb
Flavors: r-prerel-macos-arm64, r-release-macos-arm64, r-release-macos-x86_64, r-oldrel-macos-arm64