Last updated on 2024-04-26 12:54:46 CEST.
Flavor | Version | Tinstall | Tcheck | Ttotal | Status | Flags |
---|---|---|---|---|---|---|
r-devel-linux-x86_64-debian-clang | 1.3-8 | 5.46 | 34.22 | 39.68 | OK | |
r-devel-linux-x86_64-debian-gcc | 1.3-8 | 4.57 | 25.63 | 30.20 | OK | |
r-devel-linux-x86_64-fedora-clang | 1.3-8 | 50.00 | NOTE | |||
r-devel-linux-x86_64-fedora-gcc | 1.3-8 | 48.00 | OK | |||
r-devel-windows-x86_64 | 1.3-8 | 4.00 | 47.00 | 51.00 | OK | |
r-patched-linux-x86_64 | 1.3-8 | 5.48 | 33.50 | 38.98 | OK | |
r-release-linux-x86_64 | 1.3-8 | 3.95 | 32.68 | 36.63 | OK | |
r-release-macos-arm64 | 1.3-8 | 18.00 | OK | |||
r-release-windows-x86_64 | 1.3-8 | 6.00 | 47.00 | 53.00 | OK | |
r-oldrel-macos-arm64 | 1.3-8 | 21.00 | OK | |||
r-oldrel-macos-x86_64 | 1.3-8 | 38.00 | OK | |||
r-oldrel-windows-x86_64 | 1.3-8 | 6.00 | 49.00 | 55.00 | OK |
Version: 1.3-8
Check: Rd cross-references
Result: NOTE
Undeclared package ‘arm’ in Rd xrefs
Flavor: r-devel-linux-x86_64-fedora-clang